CRAN Package Check Results for Package BootWPTOS

Last updated on 2025-07-24 02:52:07 CEST.

Flavor Version Tinstall Tcheck Ttotal Status Flags
r-devel-linux-x86_64-debian-clang 1.2.1 2.89 30.76 33.65 NOTE
r-devel-linux-x86_64-debian-gcc 1.2.1 2.24 25.90 28.14 NOTE
r-devel-linux-x86_64-fedora-clang 1.2.1 54.68 OK
r-devel-linux-x86_64-fedora-gcc 1.2.1 53.80 OK
r-devel-windows-x86_64 1.2.1 5.00 58.00 63.00 OK
r-patched-linux-x86_64 1.2.1 2.66 30.69 33.35 OK
r-release-linux-x86_64 1.2.1 2.77 30.99 33.76 OK
r-release-macos-arm64 1.2.1 25.00 OK
r-release-macos-x86_64 1.2.1 45.00 OK
r-release-windows-x86_64 1.2.1 6.00 63.00 69.00 OK
r-oldrel-macos-arm64 1.2.1 23.00 OK
r-oldrel-macos-x86_64 1.2.1 38.00 OK
r-oldrel-windows-x86_64 1.2.1 5.00 69.00 74.00 OK

Check Details

Version: 1.2.1
Check: CRAN incoming feasibility
Result: NOTE Maintainer: ‘Guy Nason <g.nason@imperial.ac.uk>’ Package CITATION file contains call(s) to old-style personList() or as.personList(). Please use c() on person objects instead. Package CITATION file contains call(s) to old-style citEntry(). Please use bibentry() instead. Flavors: r-devel-linux-x86_64-debian-clang, r-devel-linux-x86_64-debian-gcc