Last updated on 2024-05-23 01:57:51 CEST.
Flavor | Version | Tinstall | Tcheck | Ttotal | Status | Flags |
---|---|---|---|---|---|---|
r-devel-linux-x86_64-debian-clang | 2.60 | 4.57 | 86.90 | 91.47 | NOTE | |
r-devel-linux-x86_64-debian-gcc | 2.60 | 4.42 | 71.79 | 76.21 | NOTE | |
r-devel-linux-x86_64-fedora-clang | 2.60 | 116.04 | NOTE | |||
r-devel-linux-x86_64-fedora-gcc | 2.60 | 124.29 | NOTE | |||
r-devel-windows-x86_64 | 2.60 | 6.00 | 95.00 | 101.00 | NOTE | |
r-patched-linux-x86_64 | 2.60 | 8.13 | 82.88 | 91.01 | NOTE | |
r-release-linux-x86_64 | 2.60 | 7.54 | 85.13 | 92.67 | NOTE | |
r-release-macos-arm64 | 2.60 | 48.00 | NOTE | |||
r-release-windows-x86_64 | 2.60 | 6.00 | 100.00 | 106.00 | NOTE | |
r-oldrel-macos-arm64 | 2.60 | 59.00 | OK | |||
r-oldrel-macos-x86_64 | 2.60 | 86.00 | OK | |||
r-oldrel-windows-x86_64 | 2.60 | 8.00 | 105.00 | 113.00 | OK |
Version: 2.60
Check: Rd files
Result: NOTE
checkRd: (-1) Sample.data.Rd:11: Lost braces in \itemize; meant \describe ?
checkRd: (-1) Sample.data.Rd:12: Lost braces in \itemize; meant \describe ?
checkRd: (-1) Sample.data.Rd:13: Lost braces in \itemize; meant \describe ?
checkRd: (-1) Sample.data.Rd:19: Lost braces in \itemize; meant \describe ?
checkRd: (-1) Sample.data.Rd:20: Lost braces in \itemize; meant \describe ?
checkRd: (-1) Sample.data.Rd:21: Lost braces in \itemize; meant \describe ?
Flavors: r-devel-linux-x86_64-debian-clang, r-devel-linux-x86_64-debian-gcc, r-devel-linux-x86_64-fedora-clang, r-devel-linux-x86_64-fedora-gcc, r-devel-windows-x86_64, r-patched-linux-x86_64, r-release-linux-x86_64, r-release-macos-arm64, r-release-windows-x86_64