Last updated on 2024-05-23 01:57:52 CEST.
Flavor | Version | Tinstall | Tcheck | Ttotal | Status | Flags |
---|---|---|---|---|---|---|
r-devel-linux-x86_64-debian-clang | 1.2.2 | 45.79 | 357.40 | 403.19 | NOTE | |
r-devel-linux-x86_64-debian-gcc | 1.2.2 | 38.28 | 251.36 | 289.64 | NOTE | |
r-devel-linux-x86_64-fedora-clang | 1.2.2 | 488.00 | NOTE | |||
r-devel-linux-x86_64-fedora-gcc | 1.2.2 | 458.72 | NOTE | |||
r-devel-windows-x86_64 | 1.2.2 | 37.00 | 218.00 | 255.00 | NOTE | |
r-patched-linux-x86_64 | 1.2.2 | 50.31 | 335.26 | 385.57 | NOTE | |
r-release-linux-x86_64 | 1.2.2 | 44.36 | 338.70 | 383.06 | NOTE | |
r-release-macos-arm64 | 1.2.2 | 104.00 | NOTE | |||
r-release-windows-x86_64 | 1.2.2 | 38.00 | 219.00 | 257.00 | NOTE | |
r-oldrel-macos-arm64 | 1.2.2 | 127.00 | OK | |||
r-oldrel-macos-x86_64 | 1.2.2 | 392.00 | OK | |||
r-oldrel-windows-x86_64 | 1.2.2 | 50.00 | 292.00 | 342.00 | OK |
Version: 1.2.2
Check: Rd files
Result: NOTE
checkRd: (-1) crs.Rd:34: Lost braces; missing escapes or markup?
34 | system, crs) of DeponsRaster and DeponsTrack objects. For {sp} objects the
| ^
Flavors: r-devel-linux-x86_64-debian-clang, r-devel-linux-x86_64-debian-gcc, r-devel-linux-x86_64-fedora-clang, r-devel-linux-x86_64-fedora-gcc, r-devel-windows-x86_64, r-patched-linux-x86_64, r-release-linux-x86_64, r-release-macos-arm64, r-release-windows-x86_64