Last updated on 2025-10-02 01:49:55 CEST.
Flavor | Version | Tinstall | Tcheck | Ttotal | Status | Flags |
---|---|---|---|---|---|---|
r-devel-linux-x86_64-debian-clang | 5.1 | 16.20 | 129.03 | 145.23 | NOTE | |
r-devel-linux-x86_64-debian-gcc | 5.1 | 10.58 | 91.91 | 102.49 | NOTE | |
r-devel-linux-x86_64-fedora-clang | 5.1 | 219.44 | OK | |||
r-devel-linux-x86_64-fedora-gcc | 5.1 | 215.00 | OK | |||
r-devel-windows-x86_64 | 5.1 | 17.00 | 124.00 | 141.00 | OK | |
r-patched-linux-x86_64 | 5.1 | 16.98 | 117.74 | 134.72 | OK | |
r-release-linux-x86_64 | 5.1 | 16.36 | 117.83 | 134.19 | OK | |
r-release-macos-arm64 | 5.1 | 59.00 | OK | |||
r-release-macos-x86_64 | 5.1 | 99.00 | OK | |||
r-release-windows-x86_64 | 5.1 | 17.00 | 123.00 | 140.00 | OK | |
r-oldrel-macos-arm64 | 5.1 | 53.00 | OK | |||
r-oldrel-macos-x86_64 | 5.1 | 144.00 | OK | |||
r-oldrel-windows-x86_64 | 5.1 | 25.00 | 154.00 | 179.00 | OK |
Version: 5.1
Check: CRAN incoming feasibility
Result: NOTE
Maintainer: ‘Amirhossein Jalali <amir.jalali@ul.ie>’
No Authors@R field in DESCRIPTION.
Please add one, modifying
Authors@R: c(person(given = "Amirhossein",
family = "Jalali",
role = c("aut", "cre"),
email = "amir.jalali@ul.ie"),
person(given = "Davood",
family = "Roshan",
role = "aut"),
person(given = "Alberto",
family = "Alvarez-Iglesias",
role = "aut"),
person(given = "John",
family = "Newell",
role = "aut"))
as necessary.
Flavors: r-devel-linux-x86_64-debian-clang, r-devel-linux-x86_64-debian-gcc