Last updated on 2024-05-23 01:57:58 CEST.
Flavor | Version | Tinstall | Tcheck | Ttotal | Status | Flags |
---|---|---|---|---|---|---|
r-devel-linux-x86_64-debian-clang | 1.3.1 | 2.76 | 43.62 | 46.38 | OK | |
r-devel-linux-x86_64-debian-gcc | 1.3.1 | 2.09 | 32.93 | 35.02 | OK | |
r-devel-linux-x86_64-fedora-clang | 1.3.1 | 57.08 | NOTE | |||
r-devel-linux-x86_64-fedora-gcc | 1.3.1 | 54.38 | OK | |||
r-devel-windows-x86_64 | 1.3.1 | 3.00 | 54.00 | 57.00 | OK | |
r-patched-linux-x86_64 | 1.3.1 | 2.00 | 41.72 | 43.72 | OK | |
r-release-linux-x86_64 | 1.3.1 | 2.49 | 43.15 | 45.64 | OK | |
r-release-macos-arm64 | 1.3.1 | 20.00 | OK | |||
r-release-windows-x86_64 | 1.3.1 | 3.00 | 54.00 | 57.00 | OK | |
r-oldrel-macos-arm64 | 1.3.1 | 26.00 | NOTE | |||
r-oldrel-macos-x86_64 | 1.3.1 | 33.00 | NOTE | |||
r-oldrel-windows-x86_64 | 1.3.1 | 3.00 | 55.00 | 58.00 | OK |
Version: 1.3.1
Check: Rd cross-references
Result: NOTE
Undeclared package ‘minfi’ in Rd xrefs
Flavor: r-devel-linux-x86_64-fedora-clang
Version: 1.3.1
Check: Rd cross-references
Result: NOTE
Package unavailable to check Rd xrefs: ‘minfi’
Flavors: r-oldrel-macos-arm64, r-oldrel-macos-x86_64