Last updated on 2024-05-23 01:57:59 CEST.
Flavor | Version | Tinstall | Tcheck | Ttotal | Status | Flags |
---|---|---|---|---|---|---|
r-devel-linux-x86_64-debian-clang | 0.0.1 | 154.67 | 81.00 | 235.67 | OK | |
r-devel-linux-x86_64-debian-gcc | 0.0.1 | 126.54 | 59.78 | 186.32 | OK | |
r-devel-linux-x86_64-fedora-clang | 0.0.1 | 284.26 | OK | |||
r-devel-linux-x86_64-fedora-gcc | 0.0.1 | 383.06 | OK | |||
r-devel-windows-x86_64 | 0.0.1 | 105.00 | 105.00 | 210.00 | NOTE | |
r-patched-linux-x86_64 | 0.0.1 | 153.94 | 78.71 | 232.65 | OK | |
r-release-linux-x86_64 | 0.0.1 | 163.80 | 75.86 | 239.66 | OK | |
r-release-macos-arm64 | 0.0.1 | 98.00 | NOTE | |||
r-release-macos-x86_64 | 0.0.1 | 332.00 | NOTE | |||
r-release-windows-x86_64 | 0.0.1 | 105.00 | 108.00 | 213.00 | NOTE | |
r-oldrel-macos-arm64 | 0.0.1 | 107.00 | NOTE | |||
r-oldrel-macos-x86_64 | 0.0.1 | 277.00 | NOTE | |||
r-oldrel-windows-x86_64 | 0.0.1 | 133.00 | 126.00 | 259.00 | NOTE |
Version: 0.0.1
Check: installed package size
Result: NOTE
installed size is 13.7Mb
sub-directories of 1Mb or more:
libs 13.3Mb
Flavors: r-devel-windows-x86_64, r-release-macos-arm64, r-release-macos-x86_64, r-release-windows-x86_64, r-oldrel-macos-arm64, r-oldrel-macos-x86_64, r-oldrel-windows-x86_64