Last updated on 2024-05-23 01:58:00 CEST.
Flavor | Version | Tinstall | Tcheck | Ttotal | Status | Flags |
---|---|---|---|---|---|---|
r-devel-linux-x86_64-debian-clang | 2.0 | 3.31 | 51.06 | 54.37 | NOTE | |
r-devel-linux-x86_64-debian-gcc | 2.0 | 4.23 | 37.42 | 41.65 | NOTE | |
r-devel-linux-x86_64-fedora-clang | 2.0 | 73.02 | NOTE | |||
r-devel-linux-x86_64-fedora-gcc | 2.0 | 80.80 | NOTE | |||
r-devel-windows-x86_64 | 2.0 | 6.00 | 67.00 | 73.00 | NOTE | |
r-patched-linux-x86_64 | 2.0 | 5.21 | 47.43 | 52.64 | NOTE | |
r-release-linux-x86_64 | 2.0 | 3.63 | 49.03 | 52.66 | NOTE | |
r-release-macos-arm64 | 2.0 | 29.00 | NOTE | |||
r-release-windows-x86_64 | 2.0 | 6.00 | 62.00 | 68.00 | NOTE | |
r-oldrel-macos-arm64 | 2.0 | 32.00 | NOTE | |||
r-oldrel-macos-x86_64 | 2.0 | 44.00 | NOTE | |||
r-oldrel-windows-x86_64 | 2.0 | 7.00 | 68.00 | 75.00 | NOTE |
Version: 2.0
Check: LazyData
Result: NOTE
'LazyData' is specified without a 'data' directory
Flavors: r-devel-linux-x86_64-debian-clang, r-devel-linux-x86_64-debian-gcc, r-devel-linux-x86_64-fedora-clang, r-devel-linux-x86_64-fedora-gcc, r-devel-windows-x86_64, r-patched-linux-x86_64, r-release-linux-x86_64, r-release-macos-arm64, r-release-windows-x86_64, r-oldrel-macos-arm64, r-oldrel-macos-x86_64, r-oldrel-windows-x86_64