Last updated on 2024-05-21 02:02:13 CEST.
Flavor | Version | Tinstall | Tcheck | Ttotal | Status | Flags |
---|---|---|---|---|---|---|
r-devel-linux-x86_64-debian-clang | 3.2-6 | 123.09 | 37.15 | 160.24 | OK | |
r-devel-linux-x86_64-debian-gcc | 3.2-6 | 127.60 | 29.05 | 156.65 | OK | |
r-devel-linux-x86_64-fedora-clang | 3.2-6 | 245.41 | NOTE | |||
r-devel-linux-x86_64-fedora-gcc | 3.2-6 | 303.63 | NOTE | |||
r-devel-windows-x86_64 | 3.2-6 | 124.00 | 72.00 | 196.00 | OK | |
r-patched-linux-x86_64 | 3.2-6 | 152.99 | 35.99 | 188.98 | OK | |
r-release-linux-x86_64 | 3.2-6 | 143.17 | 35.53 | 178.70 | OK | |
r-release-macos-arm64 | 3.2-6 | 56.00 | NOTE | |||
r-release-windows-x86_64 | 3.2-6 | 123.00 | 75.00 | 198.00 | OK | |
r-oldrel-macos-arm64 | 3.2-6 | 58.00 | NOTE | |||
r-oldrel-macos-x86_64 | 3.2-6 | 64.00 | NOTE | |||
r-oldrel-windows-x86_64 | 3.2-6 | 109.00 | 80.00 | 189.00 | OK |
Version: 3.2-6
Check: dependencies in R code
Result: NOTE
Namespace in Imports field not imported from: ‘Matrix’
All declared Imports should be used.
Flavors: r-devel-linux-x86_64-fedora-clang, r-devel-linux-x86_64-fedora-gcc
Version: 3.2-6
Check: installed package size
Result: NOTE
installed size is 7.0Mb
sub-directories of 1Mb or more:
libs 6.8Mb
Flavors: r-release-macos-arm64, r-oldrel-macos-arm64, r-oldrel-macos-x86_64