CRAN Package Check Results for Package PUlasso

Last updated on 2025-10-02 01:50:08 CEST.

Flavor Version Tinstall Tcheck Ttotal Status Flags
r-devel-linux-x86_64-debian-clang 3.2.5 146.96 112.71 259.67 NOTE
r-devel-linux-x86_64-debian-gcc 3.2.5 115.43 87.57 203.00 NOTE
r-devel-linux-x86_64-fedora-clang 3.2.5 429.57 OK
r-devel-linux-x86_64-fedora-gcc 3.2.5 493.20 OK
r-devel-windows-x86_64 3.2.5 156.00 142.00 298.00 OK
r-patched-linux-x86_64 3.2.5 157.85 115.78 273.63 OK
r-release-linux-x86_64 3.2.5 165.56 116.17 281.73 OK
r-release-macos-arm64 3.2.5 112.00 OK
r-release-macos-x86_64 3.2.5 191.00 OK
r-release-windows-x86_64 3.2.5 162.00 155.00 317.00 OK
r-oldrel-macos-arm64 3.2.5 122.00 NOTE
r-oldrel-macos-x86_64 3.2.5 130.00 NOTE
r-oldrel-windows-x86_64 3.2.5 184.00 181.00 365.00 OK

Check Details

Version: 3.2.5
Check: CRAN incoming feasibility
Result: NOTE Maintainer: ‘Hyebin Song <hps5320@psu.edu>’ The Description field contains <arXiv:1711.08129>. Please refer to arXiv e-prints via their arXiv DOI <doi:10.48550/arXiv.YYMM.NNNNN>. Flavors: r-devel-linux-x86_64-debian-clang, r-devel-linux-x86_64-debian-gcc

Version: 3.2.5
Check: installed package size
Result: NOTE installed size is 40.9Mb sub-directories of 1Mb or more: libs 40.4Mb Flavors: r-oldrel-macos-arm64, r-oldrel-macos-x86_64