Last updated on 2025-07-25 02:48:45 CEST.
Flavor | Version | Tinstall | Tcheck | Ttotal | Status | Flags |
---|---|---|---|---|---|---|
r-devel-linux-x86_64-debian-clang | 1.6 | 37.24 | 314.73 | 351.97 | OK | |
r-devel-linux-x86_64-debian-gcc | 1.6 | 28.77 | 232.76 | 261.53 | OK | |
r-devel-linux-x86_64-fedora-clang | 1.6 | 570.03 | OK | |||
r-devel-linux-x86_64-fedora-gcc | 1.6 | 593.83 | OK | |||
r-devel-windows-x86_64 | 1.6 | 32.00 | 286.00 | 318.00 | OK | |
r-patched-linux-x86_64 | 1.6 | 44.32 | 335.72 | 380.04 | OK | |
r-release-linux-x86_64 | 1.6 | 41.74 | 333.36 | 375.10 | OK | |
r-release-macos-arm64 | 1.6 | 5.00 | ERROR | |||
r-release-macos-x86_64 | 1.6 | 312.00 | OK | |||
r-release-windows-x86_64 | 1.6 | 34.00 | 282.00 | 316.00 | OK | |
r-oldrel-macos-arm64 | 1.6 | 284.00 | OK | |||
r-oldrel-macos-x86_64 | 1.6 | 330.00 | OK | |||
r-oldrel-windows-x86_64 | 1.6 | 44.00 | 349.00 | 393.00 | OK |
Version: 1.6
Check: package dependencies
Result: ERROR
Package required but not available: ‘jetset’
See section ‘The DESCRIPTION file’ in the ‘Writing R Extensions’
manual.
Flavor: r-release-macos-arm64