Last updated on 2024-05-23 01:58:06 CEST.
Flavor | Version | Tinstall | Tcheck | Ttotal | Status | Flags |
---|---|---|---|---|---|---|
r-devel-linux-x86_64-debian-clang | 0.1.9 | 66.07 | 27.68 | 93.75 | NOTE | |
r-devel-linux-x86_64-debian-gcc | 0.1.9 | 44.38 | 21.49 | 65.87 | NOTE | |
r-devel-linux-x86_64-fedora-clang | 0.1.9 | 147.69 | NOTE | |||
r-devel-linux-x86_64-fedora-gcc | 0.1.9 | 139.33 | NOTE | |||
r-devel-windows-x86_64 | 0.1.9 | 55.00 | 71.00 | 126.00 | OK | |
r-patched-linux-x86_64 | 0.1.9 | 70.03 | 26.42 | 96.45 | NOTE | |
r-release-linux-x86_64 | 0.1.9 | 66.78 | 26.98 | 93.76 | NOTE | |
r-release-macos-arm64 | 0.1.9 | 33.00 | NOTE | |||
r-release-windows-x86_64 | 0.1.9 | 55.00 | 73.00 | 128.00 | OK | |
r-oldrel-macos-arm64 | 0.1.9 | 34.00 | NOTE | |||
r-oldrel-macos-x86_64 | 0.1.9 | 54.00 | NOTE | |||
r-oldrel-windows-x86_64 | 0.1.9 | 60.00 | 107.00 | 167.00 | OK |
Version: 0.1.9
Check: C++ specification
Result: NOTE
Specified C++11: please drop specification unless essential
Flavors: r-devel-linux-x86_64-debian-clang, r-devel-linux-x86_64-debian-gcc, r-devel-linux-x86_64-fedora-clang, r-devel-linux-x86_64-fedora-gcc, r-patched-linux-x86_64, r-release-linux-x86_64, r-release-macos-arm64, r-oldrel-macos-arm64, r-oldrel-macos-x86_64