Last updated on 2024-05-23 01:58:09 CEST.
Flavor | Version | Tinstall | Tcheck | Ttotal | Status | Flags |
---|---|---|---|---|---|---|
r-devel-linux-x86_64-debian-clang | 0.1.0 | 54.76 | 447.76 | 502.52 | NOTE | |
r-devel-linux-x86_64-debian-gcc | 0.1.0 | 44.77 | 322.95 | 367.72 | NOTE | |
r-devel-linux-x86_64-fedora-clang | 0.1.0 | 636.11 | NOTE | |||
r-devel-linux-x86_64-fedora-gcc | 0.1.0 | 602.07 | NOTE | |||
r-devel-windows-x86_64 | 0.1.0 | 45.00 | 285.00 | 330.00 | NOTE | |
r-patched-linux-x86_64 | 0.1.0 | 46.43 | 424.45 | 470.88 | NOTE | |
r-release-linux-x86_64 | 0.1.0 | 38.75 | 416.85 | 455.60 | NOTE | |
r-release-macos-arm64 | 0.1.0 | 153.00 | NOTE | |||
r-release-macos-x86_64 | 0.1.0 | 326.00 | NOTE | |||
r-release-windows-x86_64 | 0.1.0 | 38.00 | 5.00 | 43.00 | ERROR | |
r-oldrel-macos-arm64 | 0.1.0 | 11.00 | ERROR | |||
r-oldrel-macos-x86_64 | 0.1.0 | 13.00 | ERROR | |||
r-oldrel-windows-x86_64 | 0.1.0 | 61.00 | 366.00 | 427.00 | NOTE |
Version: 0.1.0
Check: LazyData
Result: NOTE
'LazyData' is specified without a 'data' directory
Flavors: r-devel-linux-x86_64-debian-clang, r-devel-linux-x86_64-debian-gcc, r-devel-linux-x86_64-fedora-clang, r-devel-linux-x86_64-fedora-gcc, r-devel-windows-x86_64, r-patched-linux-x86_64, r-release-linux-x86_64, r-release-macos-arm64, r-release-macos-x86_64, r-oldrel-windows-x86_64
Version: 0.1.0
Check: dependencies in R code
Result: NOTE
Namespace in Imports field not imported from: ‘utils’
All declared Imports should be used.
Flavors: r-devel-linux-x86_64-fedora-clang, r-devel-linux-x86_64-fedora-gcc
Version: 0.1.0
Check: whether package can be installed
Result: ERROR
Installation failed.
Flavor: r-release-windows-x86_64
Version: 0.1.0
Check: package dependencies
Result: ERROR
Package required but not available: ‘GSVA’
See section ‘The DESCRIPTION file’ in the ‘Writing R Extensions’
manual.
Flavors: r-oldrel-macos-arm64, r-oldrel-macos-x86_64