CRAN Package Check Results for Package asciiruler

Last updated on 2025-09-30 01:48:25 CEST.

Flavor Version Tinstall Tcheck Ttotal Status Flags
r-devel-linux-x86_64-debian-clang 0.2 2.76 27.00 29.76 NOTE
r-devel-linux-x86_64-debian-gcc 0.2 1.95 21.84 23.79 NOTE
r-devel-linux-x86_64-fedora-clang 0.2 44.51 OK
r-devel-linux-x86_64-fedora-gcc 0.2 43.58 OK
r-devel-windows-x86_64 0.2 5.00 46.00 51.00 OK
r-patched-linux-x86_64 0.2 2.82 25.60 28.42 OK
r-release-linux-x86_64 0.2 2.50 25.81 28.31 OK
r-release-macos-arm64 0.2 21.00 OK
r-release-macos-x86_64 0.2 31.00 OK
r-release-windows-x86_64 0.2 4.00 48.00 52.00 OK
r-oldrel-macos-arm64 0.2 18.00 OK
r-oldrel-macos-x86_64 0.2 26.00 OK
r-oldrel-windows-x86_64 0.2 5.00 52.00 57.00 OK

Check Details

Version: 0.2
Check: CRAN incoming feasibility
Result: NOTE Maintainer: ‘Jeremy Leipzig <leipzig@gmail.com>’ No Authors@R field in DESCRIPTION. Please add one, modifying Authors@R: person(given = "Jeremy", family = "Leipzig", role = c("aut", "cre"), email = "leipzig@gmail.com") as necessary. Flavors: r-devel-linux-x86_64-debian-clang, r-devel-linux-x86_64-debian-gcc