CRAN Package Check Results for Package bayesEO

Last updated on 2025-07-24 02:52:06 CEST.

Flavor Version Tinstall Tcheck Ttotal Status Flags
r-devel-linux-x86_64-debian-clang 0.2.1 42.67 56.10 98.77 NOTE
r-devel-linux-x86_64-debian-gcc 0.2.1 26.66 40.26 66.92 NOTE
r-devel-linux-x86_64-fedora-clang 0.2.1 175.08 NOTE
r-devel-linux-x86_64-fedora-gcc 0.2.1 151.26 NOTE
r-devel-windows-x86_64 0.2.1 49.00 89.00 138.00 NOTE
r-patched-linux-x86_64 0.2.1 35.69 52.26 87.95 NOTE
r-release-linux-x86_64 0.2.1 36.01 52.28 88.29 NOTE
r-release-macos-arm64 0.2.1 43.00 NOTE
r-release-macos-x86_64 0.2.1 64.00 NOTE
r-release-windows-x86_64 0.2.1 51.00 93.00 144.00 NOTE
r-oldrel-macos-arm64 0.2.1 47.00 NOTE
r-oldrel-macos-x86_64 0.2.1 81.00 NOTE
r-oldrel-windows-x86_64 0.2.1 60.00 114.00 174.00 NOTE

Check Details

Version: 0.2.1
Check: DESCRIPTION meta-information
Result: NOTE Missing dependency on R >= 4.1.0 because package code uses the pipe |> or function shorthand \(...) syntax added in R 4.1.0. File(s) using such syntax: ‘bayes_colors.R’ ‘bayes_label.R’ Flavors: r-devel-linux-x86_64-debian-clang, r-devel-linux-x86_64-debian-gcc, r-devel-linux-x86_64-fedora-clang, r-devel-linux-x86_64-fedora-gcc, r-devel-windows-x86_64, r-patched-linux-x86_64, r-release-linux-x86_64, r-release-macos-arm64, r-release-macos-x86_64, r-release-windows-x86_64

Version: 0.2.1
Check: installed package size
Result: NOTE installed size is 6.4Mb sub-directories of 1Mb or more: extdata 4.1Mb libs 2.2Mb Flavors: r-oldrel-macos-arm64, r-oldrel-macos-x86_64, r-oldrel-windows-x86_64