Last updated on 2025-10-02 01:49:51 CEST.
Flavor | Version | Tinstall | Tcheck | Ttotal | Status | Flags |
---|---|---|---|---|---|---|
r-devel-linux-x86_64-debian-clang | 0.5.4 | 8.45 | 67.24 | 75.69 | OK | |
r-devel-linux-x86_64-debian-gcc | 0.5.4 | 5.94 | 46.89 | 52.83 | OK | |
r-devel-linux-x86_64-fedora-clang | 0.5.4 | 117.49 | NOTE | |||
r-devel-linux-x86_64-fedora-gcc | 0.5.4 | 111.33 | NOTE | |||
r-devel-windows-x86_64 | 0.5.4 | 12.00 | 73.00 | 85.00 | OK | |
r-patched-linux-x86_64 | 0.5.4 | 8.02 | 61.57 | 69.59 | OK | |
r-release-linux-x86_64 | 0.5.4 | 7.88 | 63.04 | 70.92 | OK | |
r-release-macos-arm64 | 0.5.4 | 32.00 | OK | |||
r-release-macos-x86_64 | 0.5.4 | 48.00 | OK | |||
r-release-windows-x86_64 | 0.5.4 | 11.00 | 76.00 | 87.00 | OK | |
r-oldrel-macos-arm64 | 0.5.4 | 27.00 | NOTE | |||
r-oldrel-macos-x86_64 | 0.5.4 | 42.00 | NOTE | |||
r-oldrel-windows-x86_64 | 0.5.4 | 14.00 | 92.00 | 106.00 | NOTE |
Version: 0.5.4
Check: dependencies in R code
Result: NOTE
Namespaces in Imports field not imported from:
‘knitr’ ‘rlang’
All declared Imports should be used.
Flavors: r-devel-linux-x86_64-fedora-clang, r-devel-linux-x86_64-fedora-gcc
Version: 0.5.4
Check: package dependencies
Result: NOTE
Package suggested but not available for checking: ‘BRugs’
Flavors: r-oldrel-macos-arm64, r-oldrel-macos-x86_64, r-oldrel-windows-x86_64