Last updated on 2024-05-21 02:01:55 CEST.
Flavor | Version | Tinstall | Tcheck | Ttotal | Status | Flags |
---|---|---|---|---|---|---|
r-devel-linux-x86_64-debian-clang | 0.5.4 | 7.98 | 65.53 | 73.51 | OK | |
r-devel-linux-x86_64-debian-gcc | 0.5.4 | 7.69 | 47.97 | 55.66 | OK | |
r-devel-linux-x86_64-fedora-clang | 0.5.4 | 101.79 | NOTE | |||
r-devel-linux-x86_64-fedora-gcc | 0.5.4 | 81.86 | NOTE | |||
r-devel-windows-x86_64 | 0.5.4 | 9.00 | 65.00 | 74.00 | NOTE | |
r-patched-linux-x86_64 | 0.5.4 | 9.82 | 62.23 | 72.05 | OK | |
r-release-linux-x86_64 | 0.5.4 | 5.93 | 61.50 | 67.43 | OK | |
r-release-macos-arm64 | 0.5.4 | 27.00 | NOTE | |||
r-release-windows-x86_64 | 0.5.4 | 9.00 | 67.00 | 76.00 | NOTE | |
r-oldrel-macos-arm64 | 0.5.4 | 30.00 | NOTE | |||
r-oldrel-macos-x86_64 | 0.5.4 | 42.00 | NOTE | |||
r-oldrel-windows-x86_64 | 0.5.4 | 11.00 | 76.00 | 87.00 | NOTE |
Version: 0.5.4
Check: dependencies in R code
Result: NOTE
Namespaces in Imports field not imported from:
‘knitr’ ‘rlang’
All declared Imports should be used.
Flavors: r-devel-linux-x86_64-fedora-clang, r-devel-linux-x86_64-fedora-gcc
Version: 0.5.4
Check: package dependencies
Result: NOTE
Package suggested but not available for checking: 'BRugs'
Flavors: r-devel-windows-x86_64, r-release-macos-arm64, r-release-windows-x86_64, r-oldrel-macos-arm64, r-oldrel-macos-x86_64, r-oldrel-windows-x86_64