Last updated on 2025-10-03 02:51:19 CEST.
Flavor | Version | Tinstall | Tcheck | Ttotal | Status | Flags |
---|---|---|---|---|---|---|
r-devel-linux-x86_64-debian-clang | 1.0.6 | 32.35 | 70.84 | 103.19 | WARN | |
r-devel-linux-x86_64-debian-gcc | 1.0.7 | 21.77 | 47.23 | 69.00 | OK | |
r-devel-linux-x86_64-fedora-clang | 1.0.7 | 142.46 | OK | |||
r-devel-linux-x86_64-fedora-gcc | 1.0.7 | 81.37 | OK | |||
r-devel-windows-x86_64 | 1.0.6 | 41.00 | 118.00 | 159.00 | WARN | |
r-patched-linux-x86_64 | 1.0.6 | 36.46 | 65.83 | 102.29 | WARN | |
r-release-linux-x86_64 | 1.0.6 | 32.94 | 65.66 | 98.60 | WARN | |
r-release-macos-arm64 | 1.0.6 | 46.00 | OK | |||
r-release-macos-x86_64 | 1.0.7 | 107.00 | OK | |||
r-release-windows-x86_64 | 1.0.6 | 38.00 | 116.00 | 154.00 | WARN | |
r-oldrel-macos-arm64 | 1.0.6 | 59.00 | OK | |||
r-oldrel-macos-x86_64 | 1.0.7 | 108.00 | OK | |||
r-oldrel-windows-x86_64 | 1.0.6 | 46.00 | 141.00 | 187.00 | WARN |
Version: 1.0.6
Check: whether package can be installed
Result: WARN
Found the following significant warnings:
source.cpp:29:9: warning: 'syl<arma::Mat<double>, arma::Op<arma::Mat<double>, arma::op_htrans>, arma::Mat<double>>' is deprecated: use sylvester() instead [-Wdeprecated-declarations]
source.cpp:163:9: warning: 'syl<arma::Mat<double>, arma::Op<arma::Mat<double>, arma::op_htrans>, arma::Mat<double>>' is deprecated: use sylvester() instead [-Wdeprecated-declarations]
source.cpp:448:9: warning: 'syl<arma::Mat<double>, arma::Op<arma::Mat<double>, arma::op_htrans>, arma::Mat<double>>' is deprecated: use sylvester() instead [-Wdeprecated-declarations]
source.cpp:507:9: warning: 'syl<arma::Mat<double>, arma::Op<arma::Mat<double>, arma::op_htrans>, arma::Mat<double>>' is deprecated: use sylvester() instead [-Wdeprecated-declarations]
source.cpp:548:9: warning: 'syl<arma::Mat<double>, arma::Op<arma::Mat<double>, arma::op_htrans>, arma::Mat<double>>' is deprecated: use sylvester() instead [-Wdeprecated-declarations]
source.cpp:727:9: warning: 'syl<arma::Mat<double>, arma::Op<arma::Mat<double>, arma::op_htrans>, arma::Mat<double>>' is deprecated: use sylvester() instead [-Wdeprecated-declarations]
source.cpp:766:9: warning: 'syl<arma::Mat<double>, arma::Op<arma::Mat<double>, arma::op_htrans>, arma::Mat<double>>' is deprecated: use sylvester() instead [-Wdeprecated-declarations]
source.cpp:788:9: warning: 'syl<arma::Mat<double>, arma::Op<arma::Mat<double>, arma::op_htrans>, arma::Mat<double>>' is deprecated: use sylvester() instead [-Wdeprecated-declarations]
See ‘/home/hornik/tmp/R.check/r-devel-clang/Work/PKGS/cTMed.Rcheck/00install.out’ for details.
* used C++ compiler: ‘Debian clang version 19.1.7 (3+b2)’
Flavor: r-devel-linux-x86_64-debian-clang
Version: 1.0.6
Check: whether package can be installed
Result: WARN
Found the following significant warnings:
source.cpp:29:12: warning: 'bool arma::syl(Mat<typename T1::elem_type>&, const Base<typename T1::elem_type, T1>&, const Base<typename T1::elem_type, T2>&, const Base<typename parent::elem_type, T2>&, const typename arma_blas_real_or_cx_only<typename T1::elem_type>::result*) [with T1 = Mat<double>; T2 = Op<Mat<double>, op_htrans>; T3 = Mat<double>; typename T1::elem_type = double; typename T1::elem_type = double; typename parent::elem_type = double; typename arma_blas_real_or_cx_only<typename T1::elem_type>::result = double; typename T1::elem_type = double]' is deprecated: use sylvester() instead [-Wdeprecated-declarations]
source.cpp:163:12: warning: 'bool arma::syl(Mat<typename T1::elem_type>&, const Base<typename T1::elem_type, T1>&, const Base<typename T1::elem_type, T2>&, const Base<typename parent::elem_type, T2>&, const typename arma_blas_real_or_cx_only<typename T1::elem_type>::result*) [with T1 = Mat<double>; T2 = Op<Mat<double>, op_htrans>; T3 = Mat<double>; typename T1::elem_type = double; typename T1::elem_type = double; typename parent::elem_type = double; typename arma_blas_real_or_cx_only<typename T1::elem_type>::result = double; typename T1::elem_type = double]' is deprecated: use sylvester() instead [-Wdeprecated-declarations]
source.cpp:448:12: warning: 'bool arma::syl(Mat<typename T1::elem_type>&, const Base<typename T1::elem_type, T1>&, const Base<typename T1::elem_type, T2>&, const Base<typename parent::elem_type, T2>&, const typename arma_blas_real_or_cx_only<typename T1::elem_type>::result*) [with T1 = Mat<double>; T2 = Op<Mat<double>, op_htrans>; T3 = Mat<double>; typename T1::elem_type = double; typename T1::elem_type = double; typename parent::elem_type = double; typename arma_blas_real_or_cx_only<typename T1::elem_type>::result = double; typename T1::elem_type = double]' is deprecated: use sylvester() instead [-Wdeprecated-declarations]
source.cpp:507:12: warning: 'bool arma::syl(Mat<typename T1::elem_type>&, const Base<typename T1::elem_type, T1>&, const Base<typename T1::elem_type, T2>&, const Base<typename parent::elem_type, T2>&, const typename arma_blas_real_or_cx_only<typename T1::elem_type>::result*) [with T1 = Mat<double>; T2 = Op<Mat<double>, op_htrans>; T3 = Mat<double>; typename T1::elem_type = double; typename T1::elem_type = double; typename parent::elem_type = double; typename arma_blas_real_or_cx_only<typename T1::elem_type>::result = double; typename T1::elem_type = double]' is deprecated: use sylvester() instead [-Wdeprecated-declarations]
source.cpp:548:12: warning: 'bool arma::syl(Mat<typename T1::elem_type>&, const Base<typename T1::elem_type, T1>&, const Base<typename T1::elem_type, T2>&, const Base<typename parent::elem_type, T2>&, const typename arma_blas_real_or_cx_only<typename T1::elem_type>::result*) [with T1 = Mat<double>; T2 = Op<Mat<double>, op_htrans>; T3 = Mat<double>; typename T1::elem_type = double; typename T1::elem_type = double; typename parent::elem_type = double; typename arma_blas_real_or_cx_only<typename T1::elem_type>::result = double; typename T1::elem_type = double]' is deprecated: use sylvester() instead [-Wdeprecated-declarations]
source.cpp:727:12: warning: 'bool arma::syl(Mat<typename T1::elem_type>&, const Base<typename T1::elem_type, T1>&, const Base<typename T1::elem_type, T2>&, const Base<typename parent::elem_type, T2>&, const typename arma_blas_real_or_cx_only<typename T1::elem_type>::result*) [with T1 = Mat<double>; T2 = Op<Mat<double>, op_htrans>; T3 = Mat<double>; typename T1::elem_type = double; typename T1::elem_type = double; typename parent::elem_type = double; typename arma_blas_real_or_cx_only<typename T1::elem_type>::result = double; typename T1::elem_type = double]' is deprecated: use sylvester() instead [-Wdeprecated-declarations]
source.cpp:766:12: warning: 'bool arma::syl(Mat<typename T1::elem_type>&, const Base<typename T1::elem_type, T1>&, const Base<typename T1::elem_type, T2>&, const Base<typename parent::elem_type, T2>&, const typename arma_blas_real_or_cx_only<typename T1::elem_type>::result*) [with T1 = Mat<double>; T2 = Op<Mat<double>, op_htrans>; T3 = Mat<double>; typename T1::elem_type = double; typename T1::elem_type = double; typename parent::elem_type = double; typename arma_blas_real_or_cx_only<typename T1::elem_type>::result = double; typename T1::elem_type = double]' is deprecated: use sylvester() instead [-Wdeprecated-declarations]
source.cpp:788:12: warning: 'bool arma::syl(Mat<typename T1::elem_type>&, const Base<typename T1::elem_type, T1>&, const Base<typename T1::elem_type, T2>&, const Base<typename parent::elem_type, T2>&, const typename arma_blas_real_or_cx_only<typename T1::elem_type>::result*) [with T1 = Mat<double>; T2 = Op<Mat<double>, op_htrans>; T3 = Mat<double>; typename T1::elem_type = double; typename T1::elem_type = double; typename parent::elem_type = double; typename arma_blas_real_or_cx_only<typename T1::elem_type>::result = double; typename T1::elem_type = double]' is deprecated: use sylvester() instead [-Wdeprecated-declarations]
See 'd:/Rcompile/CRANpkg/local/4.6/cTMed.Rcheck/00install.out' for details.
* used C++ compiler: 'g++.exe (GCC) 14.2.0'
Flavor: r-devel-windows-x86_64
Version: 1.0.6
Check: whether package can be installed
Result: WARN
Found the following significant warnings:
source.cpp:29:12: warning: ‘bool arma::syl(Mat<typename T1::elem_type>&, const Base<typename T1::elem_type, T1>&, const Base<typename T1::elem_type, T2>&, const Base<typename parent::elem_type, T2>&, const typename arma_blas_real_or_cx_only<typename T1::elem_type>::result*) [with T1 = Mat<double>; T2 = Op<Mat<double>, op_htrans>; T3 = Mat<double>; typename T1::elem_type = double; typename T1::elem_type = double; typename parent::elem_type = double; typename arma_blas_real_or_cx_only<typename T1::elem_type>::result = double; typename T1::elem_type = double]’ is deprecated: use sylvester() instead [-Wdeprecated-declarations]
source.cpp:163:12: warning: ‘bool arma::syl(Mat<typename T1::elem_type>&, const Base<typename T1::elem_type, T1>&, const Base<typename T1::elem_type, T2>&, const Base<typename parent::elem_type, T2>&, const typename arma_blas_real_or_cx_only<typename T1::elem_type>::result*) [with T1 = Mat<double>; T2 = Op<Mat<double>, op_htrans>; T3 = Mat<double>; typename T1::elem_type = double; typename T1::elem_type = double; typename parent::elem_type = double; typename arma_blas_real_or_cx_only<typename T1::elem_type>::result = double; typename T1::elem_type = double]’ is deprecated: use sylvester() instead [-Wdeprecated-declarations]
source.cpp:448:12: warning: ‘bool arma::syl(Mat<typename T1::elem_type>&, const Base<typename T1::elem_type, T1>&, const Base<typename T1::elem_type, T2>&, const Base<typename parent::elem_type, T2>&, const typename arma_blas_real_or_cx_only<typename T1::elem_type>::result*) [with T1 = Mat<double>; T2 = Op<Mat<double>, op_htrans>; T3 = Mat<double>; typename T1::elem_type = double; typename T1::elem_type = double; typename parent::elem_type = double; typename arma_blas_real_or_cx_only<typename T1::elem_type>::result = double; typename T1::elem_type = double]’ is deprecated: use sylvester() instead [-Wdeprecated-declarations]
source.cpp:507:12: warning: ‘bool arma::syl(Mat<typename T1::elem_type>&, const Base<typename T1::elem_type, T1>&, const Base<typename T1::elem_type, T2>&, const Base<typename parent::elem_type, T2>&, const typename arma_blas_real_or_cx_only<typename T1::elem_type>::result*) [with T1 = Mat<double>; T2 = Op<Mat<double>, op_htrans>; T3 = Mat<double>; typename T1::elem_type = double; typename T1::elem_type = double; typename parent::elem_type = double; typename arma_blas_real_or_cx_only<typename T1::elem_type>::result = double; typename T1::elem_type = double]’ is deprecated: use sylvester() instead [-Wdeprecated-declarations]
source.cpp:548:12: warning: ‘bool arma::syl(Mat<typename T1::elem_type>&, const Base<typename T1::elem_type, T1>&, const Base<typename T1::elem_type, T2>&, const Base<typename parent::elem_type, T2>&, const typename arma_blas_real_or_cx_only<typename T1::elem_type>::result*) [with T1 = Mat<double>; T2 = Op<Mat<double>, op_htrans>; T3 = Mat<double>; typename T1::elem_type = double; typename T1::elem_type = double; typename parent::elem_type = double; typename arma_blas_real_or_cx_only<typename T1::elem_type>::result = double; typename T1::elem_type = double]’ is deprecated: use sylvester() instead [-Wdeprecated-declarations]
source.cpp:727:12: warning: ‘bool arma::syl(Mat<typename T1::elem_type>&, const Base<typename T1::elem_type, T1>&, const Base<typename T1::elem_type, T2>&, const Base<typename parent::elem_type, T2>&, const typename arma_blas_real_or_cx_only<typename T1::elem_type>::result*) [with T1 = Mat<double>; T2 = Op<Mat<double>, op_htrans>; T3 = Mat<double>; typename T1::elem_type = double; typename T1::elem_type = double; typename parent::elem_type = double; typename arma_blas_real_or_cx_only<typename T1::elem_type>::result = double; typename T1::elem_type = double]’ is deprecated: use sylvester() instead [-Wdeprecated-declarations]
source.cpp:766:12: warning: ‘bool arma::syl(Mat<typename T1::elem_type>&, const Base<typename T1::elem_type, T1>&, const Base<typename T1::elem_type, T2>&, const Base<typename parent::elem_type, T2>&, const typename arma_blas_real_or_cx_only<typename T1::elem_type>::result*) [with T1 = Mat<double>; T2 = Op<Mat<double>, op_htrans>; T3 = Mat<double>; typename T1::elem_type = double; typename T1::elem_type = double; typename parent::elem_type = double; typename arma_blas_real_or_cx_only<typename T1::elem_type>::result = double; typename T1::elem_type = double]’ is deprecated: use sylvester() instead [-Wdeprecated-declarations]
source.cpp:788:12: warning: ‘bool arma::syl(Mat<typename T1::elem_type>&, const Base<typename T1::elem_type, T1>&, const Base<typename T1::elem_type, T2>&, const Base<typename parent::elem_type, T2>&, const typename arma_blas_real_or_cx_only<typename T1::elem_type>::result*) [with T1 = Mat<double>; T2 = Op<Mat<double>, op_htrans>; T3 = Mat<double>; typename T1::elem_type = double; typename T1::elem_type = double; typename parent::elem_type = double; typename arma_blas_real_or_cx_only<typename T1::elem_type>::result = double; typename T1::elem_type = double]’ is deprecated: use sylvester() instead [-Wdeprecated-declarations]
See ‘/home/hornik/tmp/R.check/r-patched-gcc/Work/PKGS/cTMed.Rcheck/00install.out’ for details.
* used C++ compiler: ‘g++-14 (Debian 14.3.0-8) 14.3.0’
Flavor: r-patched-linux-x86_64
Version: 1.0.6
Check: whether package can be installed
Result: WARN
Found the following significant warnings:
source.cpp:29:12: warning: ‘bool arma::syl(Mat<typename T1::elem_type>&, const Base<typename T1::elem_type, T1>&, const Base<typename T1::elem_type, T2>&, const Base<typename parent::elem_type, T2>&, const typename arma_blas_real_or_cx_only<typename T1::elem_type>::result*) [with T1 = Mat<double>; T2 = Op<Mat<double>, op_htrans>; T3 = Mat<double>; typename T1::elem_type = double; typename T1::elem_type = double; typename parent::elem_type = double; typename arma_blas_real_or_cx_only<typename T1::elem_type>::result = double; typename T1::elem_type = double]’ is deprecated: use sylvester() instead [-Wdeprecated-declarations]
source.cpp:163:12: warning: ‘bool arma::syl(Mat<typename T1::elem_type>&, const Base<typename T1::elem_type, T1>&, const Base<typename T1::elem_type, T2>&, const Base<typename parent::elem_type, T2>&, const typename arma_blas_real_or_cx_only<typename T1::elem_type>::result*) [with T1 = Mat<double>; T2 = Op<Mat<double>, op_htrans>; T3 = Mat<double>; typename T1::elem_type = double; typename T1::elem_type = double; typename parent::elem_type = double; typename arma_blas_real_or_cx_only<typename T1::elem_type>::result = double; typename T1::elem_type = double]’ is deprecated: use sylvester() instead [-Wdeprecated-declarations]
source.cpp:448:12: warning: ‘bool arma::syl(Mat<typename T1::elem_type>&, const Base<typename T1::elem_type, T1>&, const Base<typename T1::elem_type, T2>&, const Base<typename parent::elem_type, T2>&, const typename arma_blas_real_or_cx_only<typename T1::elem_type>::result*) [with T1 = Mat<double>; T2 = Op<Mat<double>, op_htrans>; T3 = Mat<double>; typename T1::elem_type = double; typename T1::elem_type = double; typename parent::elem_type = double; typename arma_blas_real_or_cx_only<typename T1::elem_type>::result = double; typename T1::elem_type = double]’ is deprecated: use sylvester() instead [-Wdeprecated-declarations]
source.cpp:507:12: warning: ‘bool arma::syl(Mat<typename T1::elem_type>&, const Base<typename T1::elem_type, T1>&, const Base<typename T1::elem_type, T2>&, const Base<typename parent::elem_type, T2>&, const typename arma_blas_real_or_cx_only<typename T1::elem_type>::result*) [with T1 = Mat<double>; T2 = Op<Mat<double>, op_htrans>; T3 = Mat<double>; typename T1::elem_type = double; typename T1::elem_type = double; typename parent::elem_type = double; typename arma_blas_real_or_cx_only<typename T1::elem_type>::result = double; typename T1::elem_type = double]’ is deprecated: use sylvester() instead [-Wdeprecated-declarations]
source.cpp:548:12: warning: ‘bool arma::syl(Mat<typename T1::elem_type>&, const Base<typename T1::elem_type, T1>&, const Base<typename T1::elem_type, T2>&, const Base<typename parent::elem_type, T2>&, const typename arma_blas_real_or_cx_only<typename T1::elem_type>::result*) [with T1 = Mat<double>; T2 = Op<Mat<double>, op_htrans>; T3 = Mat<double>; typename T1::elem_type = double; typename T1::elem_type = double; typename parent::elem_type = double; typename arma_blas_real_or_cx_only<typename T1::elem_type>::result = double; typename T1::elem_type = double]’ is deprecated: use sylvester() instead [-Wdeprecated-declarations]
source.cpp:727:12: warning: ‘bool arma::syl(Mat<typename T1::elem_type>&, const Base<typename T1::elem_type, T1>&, const Base<typename T1::elem_type, T2>&, const Base<typename parent::elem_type, T2>&, const typename arma_blas_real_or_cx_only<typename T1::elem_type>::result*) [with T1 = Mat<double>; T2 = Op<Mat<double>, op_htrans>; T3 = Mat<double>; typename T1::elem_type = double; typename T1::elem_type = double; typename parent::elem_type = double; typename arma_blas_real_or_cx_only<typename T1::elem_type>::result = double; typename T1::elem_type = double]’ is deprecated: use sylvester() instead [-Wdeprecated-declarations]
source.cpp:766:12: warning: ‘bool arma::syl(Mat<typename T1::elem_type>&, const Base<typename T1::elem_type, T1>&, const Base<typename T1::elem_type, T2>&, const Base<typename parent::elem_type, T2>&, const typename arma_blas_real_or_cx_only<typename T1::elem_type>::result*) [with T1 = Mat<double>; T2 = Op<Mat<double>, op_htrans>; T3 = Mat<double>; typename T1::elem_type = double; typename T1::elem_type = double; typename parent::elem_type = double; typename arma_blas_real_or_cx_only<typename T1::elem_type>::result = double; typename T1::elem_type = double]’ is deprecated: use sylvester() instead [-Wdeprecated-declarations]
source.cpp:788:12: warning: ‘bool arma::syl(Mat<typename T1::elem_type>&, const Base<typename T1::elem_type, T1>&, const Base<typename T1::elem_type, T2>&, const Base<typename parent::elem_type, T2>&, const typename arma_blas_real_or_cx_only<typename T1::elem_type>::result*) [with T1 = Mat<double>; T2 = Op<Mat<double>, op_htrans>; T3 = Mat<double>; typename T1::elem_type = double; typename T1::elem_type = double; typename parent::elem_type = double; typename arma_blas_real_or_cx_only<typename T1::elem_type>::result = double; typename T1::elem_type = double]’ is deprecated: use sylvester() instead [-Wdeprecated-declarations]
See ‘/home/hornik/tmp/R.check/r-release-gcc/Work/PKGS/cTMed.Rcheck/00install.out’ for details.
* used C++ compiler: ‘g++-14 (Debian 14.3.0-8) 14.3.0’
Flavor: r-release-linux-x86_64
Version: 1.0.6
Check: whether package can be installed
Result: WARN
Found the following significant warnings:
source.cpp:29:12: warning: 'bool arma::syl(Mat<typename T1::elem_type>&, const Base<typename T1::elem_type, T1>&, const Base<typename T1::elem_type, T2>&, const Base<typename parent::elem_type, T2>&, const typename arma_blas_real_or_cx_only<typename T1::elem_type>::result*) [with T1 = Mat<double>; T2 = Op<Mat<double>, op_htrans>; T3 = Mat<double>; typename T1::elem_type = double; typename T1::elem_type = double; typename parent::elem_type = double; typename arma_blas_real_or_cx_only<typename T1::elem_type>::result = double; typename T1::elem_type = double]' is deprecated: use sylvester() instead [-Wdeprecated-declarations]
source.cpp:163:12: warning: 'bool arma::syl(Mat<typename T1::elem_type>&, const Base<typename T1::elem_type, T1>&, const Base<typename T1::elem_type, T2>&, const Base<typename parent::elem_type, T2>&, const typename arma_blas_real_or_cx_only<typename T1::elem_type>::result*) [with T1 = Mat<double>; T2 = Op<Mat<double>, op_htrans>; T3 = Mat<double>; typename T1::elem_type = double; typename T1::elem_type = double; typename parent::elem_type = double; typename arma_blas_real_or_cx_only<typename T1::elem_type>::result = double; typename T1::elem_type = double]' is deprecated: use sylvester() instead [-Wdeprecated-declarations]
source.cpp:448:12: warning: 'bool arma::syl(Mat<typename T1::elem_type>&, const Base<typename T1::elem_type, T1>&, const Base<typename T1::elem_type, T2>&, const Base<typename parent::elem_type, T2>&, const typename arma_blas_real_or_cx_only<typename T1::elem_type>::result*) [with T1 = Mat<double>; T2 = Op<Mat<double>, op_htrans>; T3 = Mat<double>; typename T1::elem_type = double; typename T1::elem_type = double; typename parent::elem_type = double; typename arma_blas_real_or_cx_only<typename T1::elem_type>::result = double; typename T1::elem_type = double]' is deprecated: use sylvester() instead [-Wdeprecated-declarations]
source.cpp:507:12: warning: 'bool arma::syl(Mat<typename T1::elem_type>&, const Base<typename T1::elem_type, T1>&, const Base<typename T1::elem_type, T2>&, const Base<typename parent::elem_type, T2>&, const typename arma_blas_real_or_cx_only<typename T1::elem_type>::result*) [with T1 = Mat<double>; T2 = Op<Mat<double>, op_htrans>; T3 = Mat<double>; typename T1::elem_type = double; typename T1::elem_type = double; typename parent::elem_type = double; typename arma_blas_real_or_cx_only<typename T1::elem_type>::result = double; typename T1::elem_type = double]' is deprecated: use sylvester() instead [-Wdeprecated-declarations]
source.cpp:548:12: warning: 'bool arma::syl(Mat<typename T1::elem_type>&, const Base<typename T1::elem_type, T1>&, const Base<typename T1::elem_type, T2>&, const Base<typename parent::elem_type, T2>&, const typename arma_blas_real_or_cx_only<typename T1::elem_type>::result*) [with T1 = Mat<double>; T2 = Op<Mat<double>, op_htrans>; T3 = Mat<double>; typename T1::elem_type = double; typename T1::elem_type = double; typename parent::elem_type = double; typename arma_blas_real_or_cx_only<typename T1::elem_type>::result = double; typename T1::elem_type = double]' is deprecated: use sylvester() instead [-Wdeprecated-declarations]
source.cpp:727:12: warning: 'bool arma::syl(Mat<typename T1::elem_type>&, const Base<typename T1::elem_type, T1>&, const Base<typename T1::elem_type, T2>&, const Base<typename parent::elem_type, T2>&, const typename arma_blas_real_or_cx_only<typename T1::elem_type>::result*) [with T1 = Mat<double>; T2 = Op<Mat<double>, op_htrans>; T3 = Mat<double>; typename T1::elem_type = double; typename T1::elem_type = double; typename parent::elem_type = double; typename arma_blas_real_or_cx_only<typename T1::elem_type>::result = double; typename T1::elem_type = double]' is deprecated: use sylvester() instead [-Wdeprecated-declarations]
source.cpp:766:12: warning: 'bool arma::syl(Mat<typename T1::elem_type>&, const Base<typename T1::elem_type, T1>&, const Base<typename T1::elem_type, T2>&, const Base<typename parent::elem_type, T2>&, const typename arma_blas_real_or_cx_only<typename T1::elem_type>::result*) [with T1 = Mat<double>; T2 = Op<Mat<double>, op_htrans>; T3 = Mat<double>; typename T1::elem_type = double; typename T1::elem_type = double; typename parent::elem_type = double; typename arma_blas_real_or_cx_only<typename T1::elem_type>::result = double; typename T1::elem_type = double]' is deprecated: use sylvester() instead [-Wdeprecated-declarations]
source.cpp:788:12: warning: 'bool arma::syl(Mat<typename T1::elem_type>&, const Base<typename T1::elem_type, T1>&, const Base<typename T1::elem_type, T2>&, const Base<typename parent::elem_type, T2>&, const typename arma_blas_real_or_cx_only<typename T1::elem_type>::result*) [with T1 = Mat<double>; T2 = Op<Mat<double>, op_htrans>; T3 = Mat<double>; typename T1::elem_type = double; typename T1::elem_type = double; typename parent::elem_type = double; typename arma_blas_real_or_cx_only<typename T1::elem_type>::result = double; typename T1::elem_type = double]' is deprecated: use sylvester() instead [-Wdeprecated-declarations]
See 'd:/Rcompile/CRANpkg/local/4.5/cTMed.Rcheck/00install.out' for details.
* used C++ compiler: 'g++.exe (GCC) 14.2.0'
Flavor: r-release-windows-x86_64
Version: 1.0.6
Check: whether package can be installed
Result: WARN
Found the following significant warnings:
source.cpp:29:12: warning: 'bool arma::syl(Mat<typename T1::elem_type>&, const Base<typename T1::elem_type, T1>&, const Base<typename T1::elem_type, T2>&, const Base<typename parent::elem_type, T2>&, const typename arma_blas_real_or_cx_only<typename T1::elem_type>::result*) [with T1 = Mat<double>; T2 = Op<Mat<double>, op_htrans>; T3 = Mat<double>; typename T1::elem_type = double; typename T1::elem_type = double; typename parent::elem_type = double; typename arma_blas_real_or_cx_only<typename T1::elem_type>::result = double; typename T1::elem_type = double]' is deprecated: use sylvester() instead [-Wdeprecated-declarations]
source.cpp:163:12: warning: 'bool arma::syl(Mat<typename T1::elem_type>&, const Base<typename T1::elem_type, T1>&, const Base<typename T1::elem_type, T2>&, const Base<typename parent::elem_type, T2>&, const typename arma_blas_real_or_cx_only<typename T1::elem_type>::result*) [with T1 = Mat<double>; T2 = Op<Mat<double>, op_htrans>; T3 = Mat<double>; typename T1::elem_type = double; typename T1::elem_type = double; typename parent::elem_type = double; typename arma_blas_real_or_cx_only<typename T1::elem_type>::result = double; typename T1::elem_type = double]' is deprecated: use sylvester() instead [-Wdeprecated-declarations]
source.cpp:448:12: warning: 'bool arma::syl(Mat<typename T1::elem_type>&, const Base<typename T1::elem_type, T1>&, const Base<typename T1::elem_type, T2>&, const Base<typename parent::elem_type, T2>&, const typename arma_blas_real_or_cx_only<typename T1::elem_type>::result*) [with T1 = Mat<double>; T2 = Op<Mat<double>, op_htrans>; T3 = Mat<double>; typename T1::elem_type = double; typename T1::elem_type = double; typename parent::elem_type = double; typename arma_blas_real_or_cx_only<typename T1::elem_type>::result = double; typename T1::elem_type = double]' is deprecated: use sylvester() instead [-Wdeprecated-declarations]
source.cpp:507:12: warning: 'bool arma::syl(Mat<typename T1::elem_type>&, const Base<typename T1::elem_type, T1>&, const Base<typename T1::elem_type, T2>&, const Base<typename parent::elem_type, T2>&, const typename arma_blas_real_or_cx_only<typename T1::elem_type>::result*) [with T1 = Mat<double>; T2 = Op<Mat<double>, op_htrans>; T3 = Mat<double>; typename T1::elem_type = double; typename T1::elem_type = double; typename parent::elem_type = double; typename arma_blas_real_or_cx_only<typename T1::elem_type>::result = double; typename T1::elem_type = double]' is deprecated: use sylvester() instead [-Wdeprecated-declarations]
source.cpp:548:12: warning: 'bool arma::syl(Mat<typename T1::elem_type>&, const Base<typename T1::elem_type, T1>&, const Base<typename T1::elem_type, T2>&, const Base<typename parent::elem_type, T2>&, const typename arma_blas_real_or_cx_only<typename T1::elem_type>::result*) [with T1 = Mat<double>; T2 = Op<Mat<double>, op_htrans>; T3 = Mat<double>; typename T1::elem_type = double; typename T1::elem_type = double; typename parent::elem_type = double; typename arma_blas_real_or_cx_only<typename T1::elem_type>::result = double; typename T1::elem_type = double]' is deprecated: use sylvester() instead [-Wdeprecated-declarations]
source.cpp:727:12: warning: 'bool arma::syl(Mat<typename T1::elem_type>&, const Base<typename T1::elem_type, T1>&, const Base<typename T1::elem_type, T2>&, const Base<typename parent::elem_type, T2>&, const typename arma_blas_real_or_cx_only<typename T1::elem_type>::result*) [with T1 = Mat<double>; T2 = Op<Mat<double>, op_htrans>; T3 = Mat<double>; typename T1::elem_type = double; typename T1::elem_type = double; typename parent::elem_type = double; typename arma_blas_real_or_cx_only<typename T1::elem_type>::result = double; typename T1::elem_type = double]' is deprecated: use sylvester() instead [-Wdeprecated-declarations]
source.cpp:766:12: warning: 'bool arma::syl(Mat<typename T1::elem_type>&, const Base<typename T1::elem_type, T1>&, const Base<typename T1::elem_type, T2>&, const Base<typename parent::elem_type, T2>&, const typename arma_blas_real_or_cx_only<typename T1::elem_type>::result*) [with T1 = Mat<double>; T2 = Op<Mat<double>, op_htrans>; T3 = Mat<double>; typename T1::elem_type = double; typename T1::elem_type = double; typename parent::elem_type = double; typename arma_blas_real_or_cx_only<typename T1::elem_type>::result = double; typename T1::elem_type = double]' is deprecated: use sylvester() instead [-Wdeprecated-declarations]
source.cpp:788:12: warning: 'bool arma::syl(Mat<typename T1::elem_type>&, const Base<typename T1::elem_type, T1>&, const Base<typename T1::elem_type, T2>&, const Base<typename parent::elem_type, T2>&, const typename arma_blas_real_or_cx_only<typename T1::elem_type>::result*) [with T1 = Mat<double>; T2 = Op<Mat<double>, op_htrans>; T3 = Mat<double>; typename T1::elem_type = double; typename T1::elem_type = double; typename parent::elem_type = double; typename arma_blas_real_or_cx_only<typename T1::elem_type>::result = double; typename T1::elem_type = double]' is deprecated: use sylvester() instead [-Wdeprecated-declarations]
See 'd:/Rcompile/CRANpkg/local/4.4/cTMed.Rcheck/00install.out' for details.
* used C++ compiler: 'g++.exe (GCC) 13.3.0'
Flavor: r-oldrel-windows-x86_64