Last updated on 2024-05-21 02:01:57 CEST.
Flavor | Version | Tinstall | Tcheck | Ttotal | Status | Flags |
---|---|---|---|---|---|---|
r-devel-linux-x86_64-debian-clang | 1.0-8 | 25.92 | 235.67 | 261.59 | NOTE | |
r-devel-linux-x86_64-debian-gcc | 1.0-8 | 24.90 | 171.48 | 196.38 | NOTE | |
r-devel-linux-x86_64-fedora-clang | 1.0-8 | 345.78 | NOTE | |||
r-devel-linux-x86_64-fedora-gcc | 1.0-8 | 332.61 | NOTE | |||
r-devel-windows-x86_64 | 1.0-8 | 27.00 | 212.00 | 239.00 | NOTE | |
r-patched-linux-x86_64 | 1.0-8 | 38.21 | 224.45 | 262.66 | NOTE | |
r-release-linux-x86_64 | 1.0-8 | 34.42 | 223.68 | 258.10 | NOTE | |
r-release-macos-arm64 | 1.0-8 | 86.00 | NOTE | |||
r-release-windows-x86_64 | 1.0-8 | 28.00 | 215.00 | 243.00 | NOTE | |
r-oldrel-macos-arm64 | 1.0-8 | 102.00 | NOTE | |||
r-oldrel-macos-x86_64 | 1.0-8 | 183.00 | NOTE | |||
r-oldrel-windows-x86_64 | 1.0-8 | 33.00 | 285.00 | 318.00 | NOTE |
Version: 1.0-8
Check: C++ specification
Result: NOTE
Specified C++11: please drop specification unless essential
Flavors: r-devel-linux-x86_64-debian-clang, r-devel-linux-x86_64-debian-gcc, r-devel-linux-x86_64-fedora-clang, r-devel-linux-x86_64-fedora-gcc, r-devel-windows-x86_64, r-patched-linux-x86_64, r-release-linux-x86_64, r-release-macos-arm64, r-release-windows-x86_64, r-oldrel-macos-arm64, r-oldrel-macos-x86_64, r-oldrel-windows-x86_64