Last updated on 2024-05-23 01:57:51 CEST.
Flavor | Version | Tinstall | Tcheck | Ttotal | Status | Flags |
---|---|---|---|---|---|---|
r-devel-linux-x86_64-debian-clang | 0.5.0 | 2.06 | 23.23 | 25.29 | OK | |
r-devel-linux-x86_64-debian-gcc | 0.5.0 | 1.63 | 17.47 | 19.10 | OK | |
r-devel-linux-x86_64-fedora-clang | 0.5.0 | 34.10 | NOTE | |||
r-devel-linux-x86_64-fedora-gcc | 0.5.0 | 30.14 | NOTE | |||
r-devel-windows-x86_64 | 0.5.0 | 3.00 | 41.00 | 44.00 | OK | |
r-patched-linux-x86_64 | 0.5.0 | 2.18 | 22.52 | 24.70 | OK | |
r-release-linux-x86_64 | 0.5.0 | 2.26 | 22.37 | 24.63 | OK | |
r-release-macos-arm64 | 0.5.0 | 14.00 | OK | |||
r-release-windows-x86_64 | 0.5.0 | 4.00 | 42.00 | 46.00 | OK | |
r-oldrel-macos-arm64 | 0.5.0 | 17.00 | OK | |||
r-oldrel-macos-x86_64 | 0.5.0 | 22.00 | OK | |||
r-oldrel-windows-x86_64 | 0.5.0 | 3.00 | 41.00 | 44.00 | OK |
Version: 0.5.0
Check: data for non-ASCII characters
Result: NOTE
Note: found 6 marked UTF-8 strings
Flavors: r-devel-linux-x86_64-fedora-clang, r-devel-linux-x86_64-fedora-gcc