Last updated on 2025-10-06 01:49:41 CEST.
Flavor | Version | Tinstall | Tcheck | Ttotal | Status | Flags |
---|---|---|---|---|---|---|
r-devel-linux-x86_64-debian-clang | 0.0.26 | 12.61 | 111.48 | 124.09 | NOTE | |
r-devel-linux-x86_64-debian-gcc | 0.0.26 | 8.16 | 79.65 | 87.81 | NOTE | |
r-devel-linux-x86_64-fedora-clang | 0.0.26 | 179.53 | OK | |||
r-devel-linux-x86_64-fedora-gcc | 0.0.26 | 169.76 | OK | |||
r-devel-windows-x86_64 | 0.0.26 | 16.00 | 133.00 | 149.00 | OK | |
r-patched-linux-x86_64 | 0.0.26 | 13.12 | 104.52 | 117.64 | OK | |
r-release-linux-x86_64 | 0.0.26 | 10.05 | 104.45 | 114.50 | OK | |
r-release-macos-arm64 | 0.0.26 | 54.00 | OK | |||
r-release-macos-x86_64 | 0.0.26 | 89.00 | OK | |||
r-release-windows-x86_64 | 0.0.26 | 16.00 | 133.00 | 149.00 | OK | |
r-oldrel-macos-arm64 | 0.0.26 | 43.00 | OK | |||
r-oldrel-macos-x86_64 | 0.0.26 | 68.00 | OK | |||
r-oldrel-windows-x86_64 | 0.0.26 | 20.00 | 165.00 | 185.00 | OK |
Version: 0.0.26
Check: CRAN incoming feasibility
Result: NOTE
Maintainer: ‘Tinniam V Ganesh <tvganesh.85@gmail.com>’
No Authors@R field in DESCRIPTION.
Please add one, modifying
Authors@R: person(given = c("Tinniam", "V"),
family = "Ganesh",
role = c("aut", "cre"),
email = "tvganesh.85@gmail.com")
as necessary.
Flavors: r-devel-linux-x86_64-debian-clang, r-devel-linux-x86_64-debian-gcc