CRAN Package Check Results for Package diffeR

Last updated on 2025-09-30 01:48:31 CEST.

Flavor Version Tinstall Tcheck Ttotal Status Flags
r-devel-linux-x86_64-debian-clang 0.0-8 33.25 273.23 306.48 NOTE
r-devel-linux-x86_64-debian-gcc 0.0-8 21.67 170.54 192.21 NOTE
r-devel-linux-x86_64-fedora-clang 0.0-8 475.70 OK
r-devel-linux-x86_64-fedora-gcc 0.0-8 458.52 OK
r-devel-windows-x86_64 0.0-8 30.00 208.00 238.00 OK
r-patched-linux-x86_64 0.0-8 31.59 254.88 286.47 OK
r-release-linux-x86_64 0.0-8 28.41 259.23 287.64 OK
r-release-macos-arm64 0.0-8 94.00 OK
r-release-macos-x86_64 0.0-8 225.00 OK
r-release-windows-x86_64 0.0-8 30.00 204.00 234.00 OK
r-oldrel-macos-arm64 0.0-8 94.00 OK
r-oldrel-macos-x86_64 0.0-8 154.00 OK
r-oldrel-windows-x86_64 0.0-8 42.00 287.00 329.00 OK

Check Details

Version: 0.0-8
Check: CRAN incoming feasibility
Result: NOTE Maintainer: ‘Ali Santacruz <amsantac@unal.edu.co>’ No Authors@R field in DESCRIPTION. Please add one, modifying Authors@R: c(person(given = c("Robert", "Gilmore"), family = "Pontius Jr.", role = "aut", email = "rpontius@clarku.edu"), person(given = "Ali", family = "Santacruz", role = c("aut", "cre"), email = "amsantac@unal.edu.co")) as necessary. Flavors: r-devel-linux-x86_64-debian-clang, r-devel-linux-x86_64-debian-gcc