Last updated on 2025-10-02 01:49:58 CEST.
Flavor | Version | Tinstall | Tcheck | Ttotal | Status | Flags |
---|---|---|---|---|---|---|
r-devel-linux-x86_64-debian-clang | 0.6-2 | 23.61 | 199.69 | 223.30 | NOTE | |
r-devel-linux-x86_64-debian-gcc | 0.6-6 | 15.43 | 122.28 | 137.71 | OK | |
r-devel-linux-x86_64-fedora-clang | 0.6-6 | 356.36 | OK | |||
r-devel-linux-x86_64-fedora-gcc | 0.6-6 | 355.33 | OK | |||
r-devel-windows-x86_64 | 0.6-2 | 21.00 | 169.00 | 190.00 | OK | |
r-patched-linux-x86_64 | 0.6-6 | 23.98 | 192.11 | 216.09 | OK | |
r-release-linux-x86_64 | 0.6-2 | 16.95 | 190.11 | 207.06 | OK | |
r-release-macos-arm64 | 0.6-6 | 98.00 | OK | |||
r-release-macos-x86_64 | 0.6-6 | 312.00 | OK | |||
r-release-windows-x86_64 | 0.6-6 | 23.00 | 175.00 | 198.00 | OK | |
r-oldrel-macos-arm64 | 0.6-2 | 106.00 | OK | |||
r-oldrel-macos-x86_64 | 0.6-6 | 370.00 | OK | |||
r-oldrel-windows-x86_64 | 0.6-6 | 30.00 | 230.00 | 260.00 | OK |
Version: 0.6-2
Check: CRAN incoming feasibility
Result: NOTE
Maintainer: ‘Robert J. Hijmans <r.hijmans@gmail.com>’
No Authors@R field in DESCRIPTION.
Please add one, modifying
Authors@R: c(person(given = c("Robert", "J."),
family = "Hijmans",
role = c("cre", "aut"),
email = "r.hijmans@gmail.com"),
person(given = "Márcia",
family = "Barbosa",
role = "ctb"),
person(given = "Aniruddha",
family = "Ghosh",
role = "ctb"),
person(given = "Alex",
family = "Mandel",
role = "ctb"))
as necessary.
Flavor: r-devel-linux-x86_64-debian-clang