Last updated on 2024-05-23 01:57:57 CEST.
Flavor | Version | Tinstall | Tcheck | Ttotal | Status | Flags |
---|---|---|---|---|---|---|
r-devel-linux-x86_64-debian-clang | 1.1.6 | 95.31 | 165.71 | 261.02 | NOTE | --no-vignettes |
r-devel-linux-x86_64-debian-gcc | 1.1.6 | 61.45 | 120.13 | 181.58 | NOTE | --no-vignettes |
r-devel-linux-x86_64-fedora-clang | 1.1.6 | 344.15 | NOTE | --no-vignettes | ||
r-devel-linux-x86_64-fedora-gcc | 1.1.6 | 335.91 | NOTE | --no-vignettes | ||
r-devel-windows-x86_64 | 1.1.6 | 69.00 | 166.00 | 235.00 | NOTE | --no-vignettes |
r-patched-linux-x86_64 | 1.1.6 | 95.97 | 158.85 | 254.82 | NOTE | --no-vignettes |
r-release-linux-x86_64 | 1.1.6 | 90.91 | 157.76 | 248.67 | NOTE | --no-vignettes |
r-release-macos-arm64 | 1.1.6 | 1245.00 | NOTE | |||
r-release-windows-x86_64 | 1.1.6 | 70.00 | 167.00 | 237.00 | NOTE | --no-vignettes |
r-oldrel-macos-arm64 | 1.1.6 | 1385.00 | OK | |||
r-oldrel-macos-x86_64 | 1.1.6 | 1803.00 | ERROR | |||
r-oldrel-windows-x86_64 | 1.1.6 | 78.00 | 175.00 | 253.00 | OK | --no-vignettes |
Version: 1.1.6
Flags: --no-vignettes
Check: Rd files
Result: NOTE
checkRd: (-1) mleHetGP.Rd:57: Lost braces; missing escapes or markup?
57 | Level \code{2} gives more details. Level {3} additionaly displays all details about initialization of hyperparameters.
| ^
checkRd: (-1) mleHetTP.Rd:61: Lost braces; missing escapes or markup?
61 | Level \code{2} gives more details. Level {3} additionaly displays all details about initialization of hyperparameters.
| ^
checkRd: (-1) mleHomTP.Rd:76: Lost braces; missing escapes or markup?
76 | \item \code{nit_opt}, \code{msg}: \code{counts} and {msg} returned by \code{\link[stats]{optim}}
| ^
Flavors: r-devel-linux-x86_64-debian-clang, r-devel-linux-x86_64-debian-gcc, r-devel-linux-x86_64-fedora-clang, r-devel-linux-x86_64-fedora-gcc, r-devel-windows-x86_64, r-patched-linux-x86_64, r-release-linux-x86_64, r-release-windows-x86_64
Version: 1.1.6
Check: Rd files
Result: NOTE
checkRd: (-1) mleHetGP.Rd:57: Lost braces; missing escapes or markup?
57 | Level \code{2} gives more details. Level {3} additionaly displays all details about initialization of hyperparameters.
| ^
checkRd: (-1) mleHetTP.Rd:61: Lost braces; missing escapes or markup?
61 | Level \code{2} gives more details. Level {3} additionaly displays all details about initialization of hyperparameters.
| ^
checkRd: (-1) mleHomTP.Rd:76: Lost braces; missing escapes or markup?
76 | \item \code{nit_opt}, \code{msg}: \code{counts} and {msg} returned by \code{\link[stats]{optim}}
| ^
Flavor: r-release-macos-arm64
Version: 1.1.6
Check: re-building of vignette outputs
Result: ERROR
Error(s) in re-building vignettes:
...
--- re-building ‘hetGP_vignette.Rnw’ using knitr
Execution halted
* checking PDF version of manual ...* using check arguments '--no-clean-on-error '
Flavor: r-oldrel-macos-x86_64