Last updated on 2025-10-02 01:50:00 CEST.
Flavor | Version | Tinstall | Tcheck | Ttotal | Status | Flags |
---|---|---|---|---|---|---|
r-devel-linux-x86_64-debian-clang | 1.51.0 | 17.79 | 106.80 | 124.59 | OK | |
r-devel-linux-x86_64-debian-gcc | 1.51.0 | 13.76 | 74.66 | 88.42 | OK | |
r-devel-linux-x86_64-fedora-clang | 1.51.0 | 193.14 | OK | |||
r-devel-linux-x86_64-fedora-gcc | 1.51.0 | 205.61 | OK | |||
r-devel-windows-x86_64 | 1.51.0 | 19.00 | 122.00 | 141.00 | OK | |
r-patched-linux-x86_64 | 1.51.0 | 19.72 | 102.80 | 122.52 | OK | |
r-release-linux-x86_64 | 1.51.0 | 17.99 | 102.69 | 120.68 | OK | |
r-release-macos-arm64 | 1.51.0 | 68.00 | OK | |||
r-release-macos-x86_64 | 1.51.0 | 124.00 | OK | |||
r-release-windows-x86_64 | 1.51.0 | 19.00 | 123.00 | 142.00 | OK | |
r-oldrel-macos-arm64 | 1.51.0 | 64.00 | NOTE | |||
r-oldrel-macos-x86_64 | 1.51.0 | 90.00 | NOTE | |||
r-oldrel-windows-x86_64 | 1.51.0 | 27.00 | 157.00 | 184.00 | NOTE |
Version: 1.51.0
Check: package dependencies
Result: NOTE
Package suggested but not available for checking: ‘SparkR’
Flavors: r-oldrel-macos-arm64, r-oldrel-macos-x86_64, r-oldrel-windows-x86_64