CRAN Package Check Results for Package khroma

Last updated on 2025-10-02 01:50:01 CEST.

Flavor Version Tinstall Tcheck Ttotal Status Flags
r-devel-linux-x86_64-debian-clang 1.16.0 6.00 159.28 165.28 NOTE
r-devel-linux-x86_64-debian-gcc 1.17.0 4.42 113.71 118.13 OK
r-devel-linux-x86_64-fedora-clang 1.17.0 253.80 OK
r-devel-linux-x86_64-fedora-gcc 1.17.0 263.21 OK
r-devel-windows-x86_64 1.16.0 11.00 189.00 200.00 OK
r-patched-linux-x86_64 1.17.0 13.38 159.14 172.52 OK
r-release-linux-x86_64 1.16.0 5.04 150.22 155.26 OK
r-release-macos-arm64 1.17.0 65.00 OK
r-release-macos-x86_64 1.17.0 335.00 OK
r-release-windows-x86_64 1.17.0 11.00 189.00 200.00 OK
r-oldrel-macos-arm64 1.16.0 97.00 OK
r-oldrel-macos-x86_64 1.17.0 355.00 NOTE
r-oldrel-windows-x86_64 1.17.0 13.00 231.00 244.00 OK

Check Details

Version: 1.16.0
Check: DESCRIPTION meta-information
Result: NOTE Author field differs from that derived from Authors@R Author: ‘Nicolas Frerebeau [aut, cre] (<https://orcid.org/0000-0001-5759-4944>), Brice Lebrun [art] (<https://orcid.org/0000-0001-7503-8685>, Logo designer), Vincent Arel-Bundock [ctb] (<https://orcid.org/0000-0003-2042-7063>), Ulrik Stervbo [ctb] (<https://orcid.org/0000-0002-2831-8868>), Université Bordeaux Montaigne [fnd] (03pbgwk21), CNRS [fnd] (02feahw73)’ Authors@R: ‘Nicolas Frerebeau [aut, cre] (ORCID: <https://orcid.org/0000-0001-5759-4944>), Brice Lebrun [art] (ORCID: <https://orcid.org/0000-0001-7503-8685>, Logo designer), Vincent Arel-Bundock [ctb] (ORCID: <https://orcid.org/0000-0003-2042-7063>), Ulrik Stervbo [ctb] (ORCID: <https://orcid.org/0000-0002-2831-8868>), Université Bordeaux Montaigne [fnd] (ROR: <https://ror.org/03pbgwk21>), CNRS [fnd] (ROR: <https://ror.org/02feahw73>)’ Flavor: r-devel-linux-x86_64-debian-clang

Version: 1.17.0
Check: installed package size
Result: NOTE installed size is 5.0Mb sub-directories of 1Mb or more: doc 3.1Mb Flavor: r-oldrel-macos-x86_64