Last updated on 2024-05-23 01:57:58 CEST.
Flavor | Version | Tinstall | Tcheck | Ttotal | Status | Flags |
---|---|---|---|---|---|---|
r-devel-linux-x86_64-debian-clang | 1.3.1 | 9.10 | 85.99 | 95.09 | OK | |
r-devel-linux-x86_64-debian-gcc | 1.3.1 | 7.82 | 64.15 | 71.97 | OK | |
r-devel-linux-x86_64-fedora-clang | 1.3.1 | 117.41 | NOTE | |||
r-devel-linux-x86_64-fedora-gcc | 1.3.1 | 115.86 | NOTE | |||
r-devel-windows-x86_64 | 1.3.1 | 10.00 | 79.00 | 89.00 | OK | |
r-patched-linux-x86_64 | 1.3.1 | 12.14 | 80.89 | 93.03 | OK | |
r-release-linux-x86_64 | 1.3.1 | 10.57 | 81.44 | 92.01 | OK | |
r-release-macos-arm64 | 1.3.1 | 33.00 | OK | |||
r-release-windows-x86_64 | 1.3.1 | 11.00 | 79.00 | 90.00 | OK | |
r-oldrel-macos-arm64 | 1.3.1 | 35.00 | OK | |||
r-oldrel-macos-x86_64 | 1.3.1 | 63.00 | OK | |||
r-oldrel-windows-x86_64 | 1.3.1 | 13.00 | 94.00 | 107.00 | OK |
Version: 1.3.1
Check: compiled code
Result: NOTE
File ‘kknn/libs/kknn.so’:
Found no calls to: ‘R_registerRoutines’, ‘R_useDynamicSymbols’
It is good practice to register native routines and to disable symbol
search.
See ‘Writing portable packages’ in the ‘Writing R Extensions’ manual.
Flavors: r-devel-linux-x86_64-fedora-clang, r-devel-linux-x86_64-fedora-gcc