Last updated on 2024-05-21 02:02:07 CEST.
Flavor | Version | Tinstall | Tcheck | Ttotal | Status | Flags |
---|---|---|---|---|---|---|
r-devel-linux-x86_64-debian-clang | 1.0.2 | 34.20 | 78.29 | 112.49 | NOTE | |
r-devel-linux-x86_64-debian-gcc | 1.0.2 | 25.54 | 59.98 | 85.52 | NOTE | |
r-devel-linux-x86_64-fedora-clang | 1.0.2 | 157.55 | NOTE | |||
r-devel-linux-x86_64-fedora-gcc | 1.0.2 | 163.55 | NOTE | |||
r-devel-windows-x86_64 | 1.0.2 | 30.00 | 109.00 | 139.00 | NOTE | |
r-patched-linux-x86_64 | 1.0.2 | 33.46 | 78.61 | 112.07 | NOTE | |
r-release-linux-x86_64 | 1.0.2 | 25.07 | 77.92 | 102.99 | NOTE | |
r-release-macos-arm64 | 1.0.2 | 48.00 | NOTE | |||
r-release-windows-x86_64 | 1.0.2 | 29.00 | 98.00 | 127.00 | NOTE | |
r-oldrel-macos-arm64 | 1.0.2 | 50.00 | NOTE | |||
r-oldrel-macos-x86_64 | 1.0.2 | 79.00 | NOTE | |||
r-oldrel-windows-x86_64 | 1.0.2 | 38.00 | 115.00 | 153.00 | NOTE |
Version: 1.0.2
Check: LazyData
Result: NOTE
'LazyData' is specified without a 'data' directory
Flavors: r-devel-linux-x86_64-debian-clang, r-devel-linux-x86_64-debian-gcc, r-devel-linux-x86_64-fedora-clang, r-devel-linux-x86_64-fedora-gcc, r-devel-windows-x86_64, r-patched-linux-x86_64, r-release-linux-x86_64, r-release-macos-arm64, r-release-windows-x86_64, r-oldrel-macos-arm64, r-oldrel-macos-x86_64, r-oldrel-windows-x86_64