CRAN Package Check Results for Package marketr

Last updated on 2025-10-02 01:50:02 CEST.

Flavor Version Tinstall Tcheck Ttotal Status Flags
r-devel-linux-x86_64-debian-clang 0.0.2 4.27 44.37 48.64 OK
r-devel-linux-x86_64-debian-gcc 0.0.2 2.75 32.89 35.64 OK
r-devel-linux-x86_64-fedora-clang 0.0.2 73.77 OK
r-devel-linux-x86_64-fedora-gcc 0.0.2 82.00 OK
r-devel-windows-x86_64 0.0.2 6.00 57.00 63.00 OK
r-patched-linux-x86_64 0.0.2 3.35 40.10 43.45 OK
r-release-linux-x86_64 0.0.2 4.26 40.11 44.37 OK
r-release-macos-arm64 0.0.2 31.00 OK
r-release-macos-x86_64 0.0.2 55.00 OK
r-release-windows-x86_64 0.0.2 6.00 57.00 63.00 OK
r-oldrel-macos-arm64 0.0.2 29.00 NOTE
r-oldrel-macos-x86_64 0.0.2 43.00 NOTE
r-oldrel-windows-x86_64 0.0.2 8.00 70.00 78.00 NOTE

Check Details

Version: 0.0.2
Check: LazyData
Result: NOTE 'LazyData' is specified without a 'data' directory Flavors: r-oldrel-macos-arm64, r-oldrel-macos-x86_64, r-oldrel-windows-x86_64