CRAN Package Check Results for Package modest

Last updated on 2025-10-05 01:48:35 CEST.

Flavor Version Tinstall Tcheck Ttotal Status Flags
r-devel-linux-x86_64-debian-clang 0.3-1 3.13 36.50 39.63 NOTE
r-devel-linux-x86_64-debian-gcc 0.3-1 2.46 28.69 31.15 NOTE
r-devel-linux-x86_64-fedora-clang 0.3-1 60.82 OK
r-devel-linux-x86_64-fedora-gcc 0.3-1 74.89 OK
r-devel-windows-x86_64 0.3-1 6.00 55.00 61.00 OK
r-patched-linux-x86_64 0.3-1 3.47 34.46 37.93 OK
r-release-linux-x86_64 0.3-1 3.35 35.09 38.44 OK
r-release-macos-arm64 0.3-1 28.00 OK
r-release-macos-x86_64 0.3-1 50.00 OK
r-release-windows-x86_64 0.3-1 6.00 56.00 62.00 OK
r-oldrel-macos-arm64 0.3-1 27.00 OK
r-oldrel-macos-x86_64 0.3-1 49.00 OK
r-oldrel-windows-x86_64 0.3-1 7.00 66.00 73.00 OK

Check Details

Version: 0.3-1
Check: CRAN incoming feasibility
Result: NOTE Maintainer: ‘Philip Pallmann <pallmannp@cardiff.ac.uk>’ Package CITATION file contains call(s) to old-style personList() or as.personList(). Please use c() on person objects instead. Package CITATION file contains call(s) to old-style citEntry(). Please use bibentry() instead. Flavors: r-devel-linux-x86_64-debian-clang, r-devel-linux-x86_64-debian-gcc