CRAN Package Check Results for Package nJira

Last updated on 2025-10-02 01:50:04 CEST.

Flavor Version Tinstall Tcheck Ttotal Status Flags
r-devel-linux-x86_64-debian-clang 0.1.1 3.19 30.74 33.93 OK
r-devel-linux-x86_64-debian-gcc 0.1.1 2.24 23.49 25.73 OK
r-devel-linux-x86_64-fedora-clang 0.1.1 47.07 NOTE
r-devel-linux-x86_64-fedora-gcc 0.1.1 47.57 NOTE
r-devel-windows-x86_64 0.1.1 4.00 48.00 52.00 OK
r-patched-linux-x86_64 0.1.1 2.98 27.41 30.39 OK
r-release-linux-x86_64 0.1.1 3.20 27.59 30.79 OK
r-release-macos-arm64 0.1.1 42.00 OK
r-release-macos-x86_64 0.1.1 52.00 OK
r-release-windows-x86_64 0.1.1 4.00 55.00 59.00 OK
r-oldrel-macos-arm64 0.1.1 37.00 NOTE
r-oldrel-macos-x86_64 0.1.1 47.00 NOTE
r-oldrel-windows-x86_64 0.1.1 6.00 61.00 67.00 NOTE

Check Details

Version: 0.1.1
Check: dependencies in R code
Result: NOTE Namespace in Imports field not imported from: ‘rjson’ All declared Imports should be used. Flavors: r-devel-linux-x86_64-fedora-clang, r-devel-linux-x86_64-fedora-gcc

Version: 0.1.1
Check: LazyData
Result: NOTE 'LazyData' is specified without a 'data' directory Flavors: r-oldrel-macos-arm64, r-oldrel-macos-x86_64, r-oldrel-windows-x86_64