CRAN Package Check Results for Package piratings

Last updated on 2025-10-02 01:50:06 CEST.

Flavor Version Tinstall Tcheck Ttotal Status Flags
r-devel-linux-x86_64-debian-clang 0.1.9 1.98 55.89 57.87 NOTE
r-devel-linux-x86_64-debian-gcc 0.1.9 1.57 38.47 40.04 NOTE
r-devel-linux-x86_64-fedora-clang 0.1.9 90.72 NOTE
r-devel-linux-x86_64-fedora-gcc 0.1.9 106.27 NOTE
r-devel-windows-x86_64 0.1.9 3.00 70.00 73.00 OK
r-patched-linux-x86_64 0.1.9 1.90 53.59 55.49 OK
r-release-linux-x86_64 0.1.9 1.46 52.54 54.00 OK
r-release-macos-arm64 0.1.9 34.00 OK
r-release-macos-x86_64 0.1.9 65.00 OK
r-release-windows-x86_64 0.1.9 4.00 70.00 74.00 OK
r-oldrel-macos-arm64 0.1.9 33.00 OK
r-oldrel-macos-x86_64 0.1.9 54.00 OK
r-oldrel-windows-x86_64 0.1.9 4.00 85.00 89.00 OK

Check Details

Version: 0.1.9
Check: CRAN incoming feasibility
Result: NOTE Maintainer: ‘Lars Van Cutsem <lars.vancutsem@hotmail.com>’ No Authors@R field in DESCRIPTION. Please add one, modifying Authors@R: person(given = "Lars", family = "Van Cutsem", role = c("aut", "cre"), email = "lars.vancutsem@hotmail.com") as necessary. Flavors: r-devel-linux-x86_64-debian-clang, r-devel-linux-x86_64-debian-gcc

Version: 0.1.9
Check: dependencies in R code
Result: NOTE Namespace in Imports field not imported from: ‘ggplot2’ All declared Imports should be used. Flavors: r-devel-linux-x86_64-fedora-clang, r-devel-linux-x86_64-fedora-gcc