Last updated on 2025-10-02 01:50:07 CEST.
Flavor | Version | Tinstall | Tcheck | Ttotal | Status | Flags |
---|---|---|---|---|---|---|
r-devel-linux-x86_64-debian-clang | 0.82.0 | 5.04 | 66.46 | 71.50 | NOTE | |
r-devel-linux-x86_64-debian-gcc | 0.83.0 | 3.73 | 48.95 | 52.68 | OK | |
r-devel-linux-x86_64-fedora-clang | 0.83.0 | 105.11 | OK | |||
r-devel-linux-x86_64-fedora-gcc | 0.83.0 | 112.84 | OK | |||
r-devel-windows-x86_64 | 0.82.0 | 31.00 | 70.00 | 101.00 | OK | |
r-patched-linux-x86_64 | 0.83.0 | 5.17 | 59.54 | 64.71 | OK | |
r-release-linux-x86_64 | 0.82.0 | 5.30 | 60.47 | 65.77 | OK | |
r-release-macos-arm64 | 0.82.0 | 41.00 | OK | |||
r-release-macos-x86_64 | 0.83.0 | 76.00 | OK | |||
r-release-windows-x86_64 | 0.83.0 | 8.00 | 68.00 | 76.00 | OK | |
r-oldrel-macos-arm64 | 0.82.0 | 35.00 | OK | |||
r-oldrel-macos-x86_64 | 0.83.0 | 78.00 | OK | |||
r-oldrel-windows-x86_64 | 0.83.0 | 9.00 | 84.00 | 93.00 | OK |
Version: 0.82.0
Check: CRAN incoming feasibility
Result: NOTE
Maintainer: ‘Jakub Nowosad <nowosad.jakub@gmail.com>’
Package CITATION file contains call(s) to old-style citEntry(). Please
use bibentry() instead.
Flavor: r-devel-linux-x86_64-debian-clang