Last updated on 2024-05-23 01:58:07 CEST.
Flavor | Version | Tinstall | Tcheck | Ttotal | Status | Flags |
---|---|---|---|---|---|---|
r-devel-linux-x86_64-debian-clang | 1.4.3 | 34.40 | 51.48 | 85.88 | NOTE | |
r-devel-linux-x86_64-debian-gcc | 1.4.3 | 26.35 | 38.36 | 64.71 | NOTE | |
r-devel-linux-x86_64-fedora-clang | 1.4.3 | 109.86 | NOTE | |||
r-devel-linux-x86_64-fedora-gcc | 1.4.3 | 128.79 | NOTE | |||
r-devel-windows-x86_64 | 1.4.3 | 33.00 | 81.00 | 114.00 | NOTE | |
r-patched-linux-x86_64 | 1.4.3 | 40.70 | 48.06 | 88.76 | NOTE | |
r-release-linux-x86_64 | 1.4.3 | 32.55 | 47.73 | 80.28 | OK | |
r-release-macos-arm64 | 1.4.3 | 40.00 | OK | |||
r-release-windows-x86_64 | 1.4.3 | 36.00 | 85.00 | 121.00 | OK | |
r-oldrel-macos-arm64 | 1.4.3 | 43.00 | OK | |||
r-oldrel-macos-x86_64 | 1.4.3 | 93.00 | OK | |||
r-oldrel-windows-x86_64 | 1.4.3 | 38.00 | 93.00 | 131.00 | OK |
Version: 1.4.3
Check: compiled code
Result: NOTE
File ‘readxl/libs/readxl.so’:
Found non-API calls to R: ‘Rf_StringFalse’, ‘Rf_StringTrue’,
‘SETLENGTH’, ‘SET_TRUELENGTH’
Compiled code should not call non-API entry points in R.
See ‘Writing portable packages’ in the ‘Writing R Extensions’ manual.
Flavors: r-devel-linux-x86_64-debian-clang, r-devel-linux-x86_64-debian-gcc, r-devel-linux-x86_64-fedora-clang, r-devel-linux-x86_64-fedora-gcc
Version: 1.4.3
Check: compiled code
Result: NOTE
File 'readxl/libs/x64/readxl.dll':
Found non-API calls to R: 'Rf_StringFalse', 'Rf_StringTrue',
'SETLENGTH', 'SET_TRUELENGTH'
Compiled code should not call non-API entry points in R.
See 'Writing portable packages' in the 'Writing R Extensions' manual.
Flavor: r-devel-windows-x86_64
Version: 1.4.3
Check: compiled code
Result: NOTE
File ‘readxl/libs/readxl.so’:
Found non-API calls to R: ‘Rf_StringFalse’, ‘Rf_StringTrue’
Compiled code should not call non-API entry points in R.
See ‘Writing portable packages’ in the ‘Writing R Extensions’ manual.
Flavor: r-patched-linux-x86_64