Last updated on 2024-05-23 01:58:07 CEST.
Flavor | Version | Tinstall | Tcheck | Ttotal | Status | Flags |
---|---|---|---|---|---|---|
r-devel-linux-x86_64-debian-clang | 1.2 | 4.67 | 36.60 | 41.27 | NOTE | |
r-devel-linux-x86_64-debian-gcc | 1.2 | 2.81 | 27.90 | 30.71 | NOTE | |
r-devel-linux-x86_64-fedora-clang | 1.2 | 50.96 | NOTE | |||
r-devel-linux-x86_64-fedora-gcc | 1.2 | 47.75 | NOTE | |||
r-devel-windows-x86_64 | 1.2 | 5.00 | 53.00 | 58.00 | NOTE | |
r-patched-linux-x86_64 | 1.2 | 3.83 | 34.81 | 38.64 | NOTE | |
r-release-linux-x86_64 | 1.2 | 3.58 | 34.36 | 37.94 | NOTE | |
r-release-macos-arm64 | 1.2 | 20.00 | NOTE | |||
r-release-windows-x86_64 | 1.2 | 5.00 | 53.00 | 58.00 | NOTE | |
r-oldrel-macos-arm64 | 1.2 | 20.00 | NOTE | |||
r-oldrel-macos-x86_64 | 1.2 | 24.00 | NOTE | |||
r-oldrel-windows-x86_64 | 1.2 | 5.00 | 55.00 | 60.00 | NOTE |
Version: 1.2
Check: LazyData
Result: NOTE
'LazyData' is specified without a 'data' directory
Flavors: r-devel-linux-x86_64-debian-clang, r-devel-linux-x86_64-debian-gcc, r-devel-linux-x86_64-fedora-clang, r-devel-linux-x86_64-fedora-gcc, r-devel-windows-x86_64, r-patched-linux-x86_64, r-release-linux-x86_64, r-release-macos-arm64, r-release-windows-x86_64, r-oldrel-macos-arm64, r-oldrel-macos-x86_64, r-oldrel-windows-x86_64