CRAN Package Check Results for Package rliger

Last updated on 2025-09-30 01:48:46 CEST.

Flavor Version Tinstall Tcheck Ttotal Status Flags
r-devel-linux-x86_64-debian-clang 2.2.1 139.89 595.45 735.34 OK
r-devel-linux-x86_64-debian-gcc 2.2.1 87.58 410.67 498.25 OK
r-devel-linux-x86_64-fedora-clang 2.2.1 925.56 OK
r-devel-linux-x86_64-fedora-gcc 2.2.1 820.96 OK
r-devel-windows-x86_64 2.2.1 154.00 588.00 742.00 OK
r-patched-linux-x86_64 2.2.1 130.31 554.04 684.35 OK
r-release-linux-x86_64 2.2.1 132.64 559.04 691.68 OK
r-release-macos-arm64 2.2.1 182.00 OK
r-release-macos-x86_64 2.2.1 451.00 OK
r-release-windows-x86_64 2.2.1 151.00 583.00 734.00 OK
r-oldrel-macos-arm64 2.2.1 178.00 NOTE
r-oldrel-macos-x86_64 2.2.1 429.00 NOTE
r-oldrel-windows-x86_64 2.2.1 181.00 801.00 982.00 OK

Check Details

Version: 2.2.1
Check: package dependencies
Result: NOTE Package suggested but not available for checking: ‘reactome.db’ Flavor: r-oldrel-macos-arm64

Version: 2.2.1
Check: installed package size
Result: NOTE installed size is 11.1Mb sub-directories of 1Mb or more: R 2.0Mb libs 6.9Mb Flavors: r-oldrel-macos-arm64, r-oldrel-macos-x86_64