Last updated on 2025-10-02 01:50:10 CEST.
Flavor | Version | Tinstall | Tcheck | Ttotal | Status | Flags |
---|---|---|---|---|---|---|
r-devel-linux-x86_64-debian-clang | 0.8.2 | 5.50 | 114.64 | 120.14 | NOTE | |
r-devel-linux-x86_64-debian-gcc | 0.9.2 | 3.76 | 76.20 | 79.96 | OK | |
r-devel-linux-x86_64-fedora-clang | 0.9.2 | 182.15 | OK | |||
r-devel-linux-x86_64-fedora-gcc | 0.9.2 | 169.07 | OK | |||
r-devel-windows-x86_64 | 0.8.2 | 9.00 | 200.00 | 209.00 | OK | |
r-patched-linux-x86_64 | 0.9.2 | 6.12 | 127.54 | 133.66 | OK | |
r-release-linux-x86_64 | 0.8.2 | 5.18 | 97.05 | 102.23 | OK | |
r-release-macos-arm64 | 0.8.2 | 66.00 | OK | |||
r-release-macos-x86_64 | 0.9.2 | 137.00 | OK | |||
r-release-windows-x86_64 | 0.9.2 | 9.00 | 182.00 | 191.00 | OK | |
r-oldrel-macos-arm64 | 0.8.2 | 73.00 | OK | |||
r-oldrel-macos-x86_64 | 0.9.2 | 152.00 | OK | |||
r-oldrel-windows-x86_64 | 0.9.2 | 9.00 | 90.00 | 99.00 | ERROR |
Version: 0.8.2
Check: CRAN incoming feasibility
Result: NOTE
Maintainer: ‘David Kneis <david.kneis@tu-dresden.de>’
No Authors@R field in DESCRIPTION.
Please add one, modifying
Authors@R: person(given = "David",
family = "Kneis",
role = c("aut", "cre"),
email = "david.kneis@tu-dresden.de")
as necessary.
Flavor: r-devel-linux-x86_64-debian-clang
Version: 0.9.2
Check: re-building of vignette outputs
Result: ERROR
Error(s) in re-building vignettes:
--- re-building 'rodeoVignette.Rmd' using rmarkdown
using Fortran compiler: 'GNU Fortran (GCC) 13.3.0'
make[1]: Entering directory '/d/temp/2025_10_01_01_50_00_6245/RtmpCkiDlU'
make[1]: Leaving directory '/d/temp/2025_10_01_01_50_00_6245/RtmpCkiDlU'
make[1]: Entering directory '/d/temp/2025_10_01_01_50_00_6245/RtmpCkiDlU'
gfortran -pedantic -O2 -mfpmath=sse -msse2 -mstackrealign -c D:/RCompile/CRANpkg/local/4.4/rodeo.Rcheck/vign_test/rodeo/vignettes/vignetteData/fortran/functionsCode.f95 -o D:/RCompile/CRANpkg/local/4.4/rodeo.Rcheck/vign_test/rodeo/vignettes/vignetteData/fortran/functionsCode.o
gfortran -pedantic -O2 -mfpmath=sse -msse2 -mstackrealign -c D:/temp/2025_10_01_01_50_00_6245/RtmpCkiDlU/rodeo10ef0a8e69b5.f95 -o D:/temp/2025_10_01_01_50_00_6245/RtmpCkiDlU/rodeo10ef0a8e69b5.o
gfortran -pedantic -O2 -mfpmath=sse -msse2 -mstackrealign -c D:/temp/2025_10_01_01_50_00_6245/RtmpCkiDlU/rodeo10ef0620c30d1.f95 -o D:/temp/2025_10_01_01_50_00_6245/RtmpCkiDlU/rodeo10ef0620c30d1.o
gcc -shared -s -static-libgcc -o D:/temp/2025_10_01_01_50_00_6245/RtmpCkiDlU/rodeo10ef071956ac6.dll tmp.def D:/RCompile/CRANpkg/local/4.4/rodeo.Rcheck/vign_test/rodeo/vignettes/vignetteData/fortran/functionsCode.o D:/temp/2025_10_01_01_50_00_6245/RtmpCkiDlU/rodeo10ef0a8e69b5.o D:/temp/2025_10_01_01_50_00_6245/RtmpCkiDlU/rodeo10ef0620c30d1.o -Ld:/rtools44/x86_64-w64-mingw32.static.posix/lib/x64 -Ld:/rtools44/x86_64-w64-mingw32.static.posix/lib -lgfortran -lm -lquadmath -LD:/RCompile/recent/R-4.4.3/bin/x64 -lR
make[1]: Leaving directory '/d/temp/2025_10_01_01_50_00_6245/RtmpCkiDlU'
make[1]: Entering directory '/d/temp/2025_10_01_01_50_00_6245/RtmpCkiDlU'
make[1]: Leaving directory '/d/temp/2025_10_01_01_50_00_6245/RtmpCkiDlU'
make[1]: Entering directory '/d/temp/2025_10_01_01_50_00_6245/RtmpCkiDlU'
make[1]: Leaving directory '/d/temp/2025_10_01_01_50_00_6245/RtmpCkiDlU'
using Fortran compiler: 'GNU Fortran (GCC) 13.3.0'
make[1]: Entering directory '/d/temp/2025_10_01_01_50_00_6245/RtmpCkiDlU'
make[1]: Leaving directory '/d/temp/2025_10_01_01_50_00_6245/RtmpCkiDlU'
make[1]: Entering directory '/d/temp/2025_10_01_01_50_00_6245/RtmpCkiDlU'
gfortran -pedantic -O2 -mfpmath=sse -msse2 -mstackrealign -c D:/temp/2025_10_01_01_50_00_6245/RtmpCkiDlU/file10ef066c55e92.f95 -o D:/temp/2025_10_01_01_50_00_6245/RtmpCkiDlU/file10ef066c55e92.o
gfortran -pedantic -O2 -mfpmath=sse -msse2 -mstackrealign -c D:/temp/2025_10_01_01_50_00_6245/RtmpCkiDlU/file10ef0130b73.f95 -o D:/temp/2025_10_01_01_50_00_6245/RtmpCkiDlU/file10ef0130b73.o
gfortran -pedantic -O2 -mfpmath=sse -msse2 -mstackrealign -c D:/temp/2025_10_01_01_50_00_6245/RtmpCkiDlU/rodeo10ef04ea3324e.f95 -o D:/temp/2025_10_01_01_50_00_6245/RtmpCkiDlU/rodeo10ef04ea3324e.o
gfortran -pedantic -O2 -mfpmath=sse -msse2 -mstackrealign -c D:/temp/2025_10_01_01_50_00_6245/RtmpCkiDlU/rodeo10ef021dc1c35.f95 -o D:/temp/2025_10_01_01_50_00_6245/RtmpCkiDlU/rodeo10ef021dc1c35.o
gcc -shared -s -static-libgcc -o D:/temp/2025_10_01_01_50_00_6245/RtmpCkiDlU/rodeo10ef0480c5211.dll tmp.def D:/temp/2025_10_01_01_50_00_6245/RtmpCkiDlU/file10ef066c55e92.o D:/temp/2025_10_01_01_50_00_6245/RtmpCkiDlU/file10ef0130b73.o D:/temp/2025_10_01_01_50_00_6245/RtmpCkiDlU/rodeo10ef04ea3324e.o D:/temp/2025_10_01_01_50_00_6245/RtmpCkiDlU/rodeo10ef021dc1c35.o -Ld:/rtools44/x86_64-w64-mingw32.static.posix/lib/x64 -Ld:/rtools44/x86_64-w64-mingw32.static.posix/lib -lgfortran -lm -lquadmath -LD:/RCompile/recent/R-4.4.3/bin/x64 -lR
make[1]: Leaving directory '/d/temp/2025_10_01_01_50_00_6245/RtmpCkiDlU'
make[1]: Entering directory '/d/temp/2025_10_01_01_50_00_6245/RtmpCkiDlU'
make[1]: Leaving directory '/d/temp/2025_10_01_01_50_00_6245/RtmpCkiDlU'
make[1]: Entering directory '/d/temp/2025_10_01_01_50_00_6245/RtmpCkiDlU'
make[1]: Leaving directory '/d/temp/2025_10_01_01_50_00_6245/RtmpCkiDlU'
Flavor: r-oldrel-windows-x86_64