CRAN Package Check Results for Package rreg

Last updated on 2025-10-02 01:50:11 CEST.

Flavor Version Tinstall Tcheck Ttotal Status Flags
r-devel-linux-x86_64-debian-clang 0.2.1 5.11 66.89 72.00 NOTE
r-devel-linux-x86_64-debian-gcc 0.2.1 3.93 49.01 52.94 NOTE
r-devel-linux-x86_64-fedora-clang 0.2.1 112.00 NOTE
r-devel-linux-x86_64-fedora-gcc 0.2.1 107.40 NOTE
r-devel-windows-x86_64 0.2.1 7.00 76.00 83.00 NOTE
r-patched-linux-x86_64 0.2.1 5.28 63.04 68.32 NOTE
r-release-linux-x86_64 0.2.1 4.94 63.10 68.04 NOTE
r-release-macos-arm64 0.2.1 25.00 NOTE
r-release-macos-x86_64 0.2.1 46.00 NOTE
r-release-windows-x86_64 0.2.1 8.00 77.00 85.00 NOTE
r-oldrel-macos-arm64 0.2.1 28.00 NOTE
r-oldrel-macos-x86_64 0.2.1 40.00 NOTE
r-oldrel-windows-x86_64 0.2.1 10.00 95.00 105.00 NOTE

Check Details

Version: 0.2.1
Check: Rd files
Result: NOTE checkRd: (-1) regrad.Rd:46: Lost braces; missing escapes or markup? 46 | \item \code{x-axis} {1st column: The names of the different institutions} | ^ checkRd: (-1) regrad.Rd:47: Lost braces; missing escapes or markup? 47 | \item \code{y-axis} {2nd column: The value to show completeness} | ^ Flavors: r-devel-linux-x86_64-debian-clang, r-devel-linux-x86_64-debian-gcc, r-devel-linux-x86_64-fedora-clang, r-devel-linux-x86_64-fedora-gcc, r-devel-windows-x86_64, r-patched-linux-x86_64, r-release-linux-x86_64, r-release-macos-arm64, r-release-macos-x86_64, r-release-windows-x86_64, r-oldrel-macos-arm64, r-oldrel-macos-x86_64, r-oldrel-windows-x86_64