Last updated on 2024-05-25 02:51:57 CEST.
Flavor | Version | Tinstall | Tcheck | Ttotal | Status | Flags |
---|---|---|---|---|---|---|
r-devel-linux-x86_64-debian-clang | 2.01-44 | 12.27 | 71.51 | 83.78 | OK | |
r-devel-linux-x86_64-debian-gcc | 2.01-44 | 8.59 | 53.93 | 62.52 | WARN | |
r-devel-linux-x86_64-fedora-clang | 2.01-44 | 102.43 | WARN | |||
r-devel-linux-x86_64-fedora-gcc | 2.01-44 | 101.43 | WARN | |||
r-devel-windows-x86_64 | 2.01-44 | 18.00 | 84.00 | 102.00 | WARN | |
r-patched-linux-x86_64 | 2.01-44 | 12.91 | 72.16 | 85.07 | WARN | |
r-release-linux-x86_64 | 2.01-44 | 10.00 | 72.02 | 82.02 | OK | |
r-release-macos-arm64 | 2.01-44 | 34.00 | OK | |||
r-release-windows-x86_64 | 2.01-44 | 18.00 | 83.00 | 101.00 | OK | |
r-oldrel-macos-arm64 | 2.01-44 | 42.00 | OK | |||
r-oldrel-macos-x86_64 | 2.01-44 | 89.00 | OK | |||
r-oldrel-windows-x86_64 | 2.01-44 | 21.00 | 90.00 | 111.00 | OK |
Version: 2.01-44
Check: whether package can be installed
Result: WARN
Found the following significant warnings:
Warning: Fortran 2018 deleted feature: Shared DO termination label 2 at (1)
Warning: Fortran 2018 deleted feature: DO termination statement which is not END DO or CONTINUE with label 3 at (1)
Warning: Fortran 2018 deleted feature: DO termination statement which is not END DO or CONTINUE with label 4 at (1)
Warning: Fortran 2018 deleted feature: DO termination statement which is not END DO or CONTINUE with label 108 at (1)
Warning: Fortran 2018 deleted feature: DO termination statement which is not END DO or CONTINUE with label 1 at (1)
Warning: Fortran 2018 deleted feature: DO termination statement which is not END DO or CONTINUE with label 2 at (1)
Warning: Fortran 2018 deleted feature: DO termination statement which is not END DO or CONTINUE with label 6 at (1)
Warning: Fortran 2018 deleted feature: DO termination statement which is not END DO or CONTINUE with label 7 at (1)
Warning: Fortran 2018 deleted feature: DO termination statement which is not END DO or CONTINUE with label 8 at (1)
Warning: Fortran 2018 deleted feature: DO termination statement which is not END DO or CONTINUE with label 9 at (1)
Warning: Fortran 2018 deleted feature: DO termination statement which is not END DO or CONTINUE with label 11 at (1)
Warning: Fortran 2018 deleted feature: DO termination statement which is not END DO or CONTINUE with label 14 at (1)
Warning: Fortran 2018 deleted feature: DO termination statement which is not END DO or CONTINUE with label 16 at (1)
Warning: Fortran 2018 deleted feature: DO termination statement which is not END DO or CONTINUE with label 17 at (1)
Warning: Fortran 2018 deleted feature: DO termination statement which is not END DO or CONTINUE with label 18 at (1)
Warning: Fortran 2018 deleted feature: DO termination statement which is not END DO or CONTINUE with label 20 at (1)
Warning: Fortran 2018 deleted feature: DO termination statement which is not END DO or CONTINUE with label 23 at (1)
Warning: Fortran 2018 deleted feature: DO termination statement which is not END DO or CONTINUE with label 24 at (1)
Warning: Fortran 2018 deleted feature: DO termination statement which is not END DO or CONTINUE with label 26 at (1)
Warning: Fortran 2018 deleted feature: DO termination statement which is not END DO or CONTINUE with label 10 at (1)
Warning: Fortran 2018 deleted feature: Shared DO termination label 20 at (1)
Warning: Fortran 2018 deleted feature: DO termination statement which is not END DO or CONTINUE with label 40 at (1)
Warning: Fortran 2018 deleted feature: DO termination statement which is not END DO or CONTINUE with label 50 at (1)
See ‘/home/hornik/tmp/R.check/r-devel-gcc/Work/PKGS/splancs.Rcheck/00install.out’ for details.
* used C compiler: ‘gcc-13 (Debian 13.2.0-25) 13.2.0’
* used Fortran compiler: ‘GNU Fortran (Debian 13.2.0-25) 13.2.0’
Flavor: r-devel-linux-x86_64-debian-gcc
Version: 2.01-44
Check: whether package can be installed
Result: WARN
Found the following significant warnings:
./stkhat.f:87:7: portability: A DO loop should terminate with an END DO or CONTINUE
./stkhat.f:91:7: portability: A DO loop should terminate with an END DO or CONTINUE
./stkhat.f:113:7: portability: A DO loop should terminate with an END DO or CONTINUE
./tribble.f:145:1: portability: A DO loop should terminate with an END DO or CONTINUE
./tribble.f:153:7: portability: A DO loop should terminate with an END DO or CONTINUE
./tribble.f:156:7: portability: A DO loop should terminate with an END DO or CONTINUE
./tribble.f:189:7: portability: A DO loop should terminate with an END DO or CONTINUE
./tribble.f:191:7: portability: A DO loop should terminate with an END DO or CONTINUE
./tribble.f:198:7: portability: A DO loop should terminate with an END DO or CONTINUE
./tribble.f:208:7: portability: A DO loop should terminate with an END DO or CONTINUE
./tribble.f:218:1: portability: A DO loop should terminate with an END DO or CONTINUE
./tribble.f:234:7: portability: A DO loop should terminate with an END DO or CONTINUE
./tribble.f:240:1: portability: A DO loop should terminate with an END DO or CONTINUE
./tribble.f:252:7: portability: A DO loop should terminate with an END DO or CONTINUE
./tribble.f:253:7: portability: A DO loop should terminate with an END DO or CONTINUE
./tribble.f:267:1: portability: A DO loop should terminate with an END DO or CONTINUE
./tribble.f:288:7: portability: A DO loop should terminate with an END DO or CONTINUE
./tribble.f:295:7: portability: A DO loop should terminate with an END DO or CONTINUE
./tribble.f:315:4: portability: A DO loop should terminate with an END DO or CONTINUE
./twodimmse.f:56:7: portability: A DO loop should terminate with an END DO or CONTINUE
./twodimmse.f:71:7: portability: A DO loop should terminate with an END DO or CONTINUE
./twodimmse.f:74:7: portability: A DO loop should terminate with an END DO or CONTINUE
See ‘/data/gannet/ripley/R/packages/tests-clang/splancs.Rcheck/00install.out’ for details.
* used C compiler: ‘clang version 18.1.5’
* used Fortran compiler: ‘flang-new version 18.1.5’
Flavor: r-devel-linux-x86_64-fedora-clang
Version: 2.01-44
Check: whether package can be installed
Result: WARN
Found the following significant warnings:
Warning: Fortran 2018 deleted feature: Shared DO termination label 2 at (1)
Warning: Fortran 2018 deleted feature: DO termination statement which is not END DO or CONTINUE with label 3 at (1)
Warning: Fortran 2018 deleted feature: DO termination statement which is not END DO or CONTINUE with label 4 at (1)
Warning: Fortran 2018 deleted feature: DO termination statement which is not END DO or CONTINUE with label 108 at (1)
Warning: Fortran 2018 deleted feature: DO termination statement which is not END DO or CONTINUE with label 1 at (1)
Warning: Fortran 2018 deleted feature: DO termination statement which is not END DO or CONTINUE with label 2 at (1)
Warning: Fortran 2018 deleted feature: DO termination statement which is not END DO or CONTINUE with label 6 at (1)
Warning: Fortran 2018 deleted feature: DO termination statement which is not END DO or CONTINUE with label 7 at (1)
Warning: Fortran 2018 deleted feature: DO termination statement which is not END DO or CONTINUE with label 8 at (1)
Warning: Fortran 2018 deleted feature: DO termination statement which is not END DO or CONTINUE with label 9 at (1)
Warning: Fortran 2018 deleted feature: DO termination statement which is not END DO or CONTINUE with label 11 at (1)
Warning: Fortran 2018 deleted feature: DO termination statement which is not END DO or CONTINUE with label 14 at (1)
Warning: Fortran 2018 deleted feature: DO termination statement which is not END DO or CONTINUE with label 16 at (1)
Warning: Fortran 2018 deleted feature: DO termination statement which is not END DO or CONTINUE with label 17 at (1)
Warning: Fortran 2018 deleted feature: DO termination statement which is not END DO or CONTINUE with label 18 at (1)
Warning: Fortran 2018 deleted feature: DO termination statement which is not END DO or CONTINUE with label 20 at (1)
Warning: Fortran 2018 deleted feature: DO termination statement which is not END DO or CONTINUE with label 23 at (1)
Warning: Fortran 2018 deleted feature: DO termination statement which is not END DO or CONTINUE with label 24 at (1)
Warning: Fortran 2018 deleted feature: DO termination statement which is not END DO or CONTINUE with label 26 at (1)
Warning: Fortran 2018 deleted feature: DO termination statement which is not END DO or CONTINUE with label 10 at (1)
Warning: Fortran 2018 deleted feature: Shared DO termination label 20 at (1)
Warning: Fortran 2018 deleted feature: DO termination statement which is not END DO or CONTINUE with label 40 at (1)
Warning: Fortran 2018 deleted feature: DO termination statement which is not END DO or CONTINUE with label 50 at (1)
See ‘/data/gannet/ripley/R/packages/tests-devel/splancs.Rcheck/00install.out’ for details.
* used C compiler: ‘gcc-14 (GCC) 14.1.0’
* used Fortran compiler: ‘GNU Fortran (GCC) 14.1.0’
Flavor: r-devel-linux-x86_64-fedora-gcc
Version: 2.01-44
Check: whether package can be installed
Result: WARN
Found the following significant warnings:
Warning: Fortran 2018 deleted feature: Shared DO termination label 2 at (1)
Warning: Fortran 2018 deleted feature: DO termination statement which is not END DO or CONTINUE with label 3 at (1)
Warning: Fortran 2018 deleted feature: DO termination statement which is not END DO or CONTINUE with label 4 at (1)
Warning: Fortran 2018 deleted feature: DO termination statement which is not END DO or CONTINUE with label 108 at (1)
Warning: Fortran 2018 deleted feature: DO termination statement which is not END DO or CONTINUE with label 1 at (1)
Warning: Fortran 2018 deleted feature: DO termination statement which is not END DO or CONTINUE with label 2 at (1)
Warning: Fortran 2018 deleted feature: DO termination statement which is not END DO or CONTINUE with label 6 at (1)
Warning: Fortran 2018 deleted feature: DO termination statement which is not END DO or CONTINUE with label 7 at (1)
Warning: Fortran 2018 deleted feature: DO termination statement which is not END DO or CONTINUE with label 8 at (1)
Warning: Fortran 2018 deleted feature: DO termination statement which is not END DO or CONTINUE with label 9 at (1)
Warning: Fortran 2018 deleted feature: DO termination statement which is not END DO or CONTINUE with label 11 at (1)
Warning: Fortran 2018 deleted feature: DO termination statement which is not END DO or CONTINUE with label 14 at (1)
Warning: Fortran 2018 deleted feature: DO termination statement which is not END DO or CONTINUE with label 16 at (1)
Warning: Fortran 2018 deleted feature: DO termination statement which is not END DO or CONTINUE with label 17 at (1)
Warning: Fortran 2018 deleted feature: DO termination statement which is not END DO or CONTINUE with label 18 at (1)
Warning: Fortran 2018 deleted feature: DO termination statement which is not END DO or CONTINUE with label 20 at (1)
Warning: Fortran 2018 deleted feature: DO termination statement which is not END DO or CONTINUE with label 23 at (1)
Warning: Fortran 2018 deleted feature: DO termination statement which is not END DO or CONTINUE with label 24 at (1)
Warning: Fortran 2018 deleted feature: DO termination statement which is not END DO or CONTINUE with label 26 at (1)
Warning: Fortran 2018 deleted feature: DO termination statement which is not END DO or CONTINUE with label 10 at (1)
Warning: Fortran 2018 deleted feature: Shared DO termination label 20 at (1)
Warning: Fortran 2018 deleted feature: DO termination statement which is not END DO or CONTINUE with label 40 at (1)
Warning: Fortran 2018 deleted feature: DO termination statement which is not END DO or CONTINUE with label 50 at (1)
See 'd:/Rcompile/CRANpkg/local/4.5/splancs.Rcheck/00install.out' for details.
* used C compiler: 'gcc.exe (GCC) 13.2.0'
* used Fortran compiler: 'GNU Fortran (GCC) 13.2.0'
Flavor: r-devel-windows-x86_64
Version: 2.01-44
Check: whether package can be installed
Result: WARN
Found the following significant warnings:
Warning: Fortran 2018 deleted feature: Shared DO termination label 2 at (1)
Warning: Fortran 2018 deleted feature: DO termination statement which is not END DO or CONTINUE with label 3 at (1)
Warning: Fortran 2018 deleted feature: DO termination statement which is not END DO or CONTINUE with label 4 at (1)
Warning: Fortran 2018 deleted feature: DO termination statement which is not END DO or CONTINUE with label 108 at (1)
Warning: Fortran 2018 deleted feature: DO termination statement which is not END DO or CONTINUE with label 1 at (1)
Warning: Fortran 2018 deleted feature: DO termination statement which is not END DO or CONTINUE with label 2 at (1)
Warning: Fortran 2018 deleted feature: DO termination statement which is not END DO or CONTINUE with label 6 at (1)
Warning: Fortran 2018 deleted feature: DO termination statement which is not END DO or CONTINUE with label 7 at (1)
Warning: Fortran 2018 deleted feature: DO termination statement which is not END DO or CONTINUE with label 8 at (1)
Warning: Fortran 2018 deleted feature: DO termination statement which is not END DO or CONTINUE with label 9 at (1)
Warning: Fortran 2018 deleted feature: DO termination statement which is not END DO or CONTINUE with label 11 at (1)
Warning: Fortran 2018 deleted feature: DO termination statement which is not END DO or CONTINUE with label 14 at (1)
Warning: Fortran 2018 deleted feature: DO termination statement which is not END DO or CONTINUE with label 16 at (1)
Warning: Fortran 2018 deleted feature: DO termination statement which is not END DO or CONTINUE with label 17 at (1)
Warning: Fortran 2018 deleted feature: DO termination statement which is not END DO or CONTINUE with label 18 at (1)
Warning: Fortran 2018 deleted feature: DO termination statement which is not END DO or CONTINUE with label 20 at (1)
Warning: Fortran 2018 deleted feature: DO termination statement which is not END DO or CONTINUE with label 23 at (1)
Warning: Fortran 2018 deleted feature: DO termination statement which is not END DO or CONTINUE with label 24 at (1)
Warning: Fortran 2018 deleted feature: DO termination statement which is not END DO or CONTINUE with label 26 at (1)
Warning: Fortran 2018 deleted feature: DO termination statement which is not END DO or CONTINUE with label 10 at (1)
Warning: Fortran 2018 deleted feature: Shared DO termination label 20 at (1)
Warning: Fortran 2018 deleted feature: DO termination statement which is not END DO or CONTINUE with label 40 at (1)
Warning: Fortran 2018 deleted feature: DO termination statement which is not END DO or CONTINUE with label 50 at (1)
See ‘/home/hornik/tmp/R.check/r-patched-gcc/Work/PKGS/splancs.Rcheck/00install.out’ for details.
* used C compiler: ‘gcc-13 (Debian 13.2.0-25) 13.2.0’
* used Fortran compiler: ‘GNU Fortran (Debian 13.2.0-25) 13.2.0’
Flavor: r-patched-linux-x86_64