Last updated on 2025-10-03 02:51:44 CEST.
Flavor | Version | Tinstall | Tcheck | Ttotal | Status | Flags |
---|---|---|---|---|---|---|
r-devel-linux-x86_64-debian-clang | 0.8.0 | 27.88 | 287.51 | 315.39 | NOTE | |
r-devel-linux-x86_64-debian-gcc | 0.8.4 | 19.05 | 190.79 | 209.84 | OK | |
r-devel-linux-x86_64-fedora-clang | 0.8.4 | 265.91 | OK | |||
r-devel-linux-x86_64-fedora-gcc | 0.8.4 | 241.88 | OK | |||
r-devel-windows-x86_64 | 0.8.0 | 28.00 | 260.00 | 288.00 | NOTE | |
r-patched-linux-x86_64 | 0.8.0 | 24.67 | 271.17 | 295.84 | NOTE | |
r-release-linux-x86_64 | 0.8.0 | 24.67 | 270.88 | 295.55 | NOTE | |
r-release-macos-arm64 | 0.8.0 | 117.00 | OK | |||
r-release-macos-x86_64 | 0.8.4 | 241.00 | OK | |||
r-release-windows-x86_64 | 0.8.0 | 29.00 | 263.00 | 292.00 | NOTE | |
r-oldrel-macos-arm64 | 0.8.0 | 122.00 | NOTE | |||
r-oldrel-macos-x86_64 | 0.8.4 | 289.00 | OK | |||
r-oldrel-windows-x86_64 | 0.8.0 | 38.00 | 349.00 | 387.00 | OK |
Version: 0.8.0
Check: Rd cross-references
Result: NOTE
Found the following Rd file(s) with Rd \link{} targets missing package
anchors:
formatting.Rd: tbl_format_setup
Please provide package anchors for all Rd \link{} targets not in the
package itself and the base packages.
Flavors: r-devel-linux-x86_64-debian-clang, r-devel-windows-x86_64, r-patched-linux-x86_64, r-release-linux-x86_64, r-release-windows-x86_64
Version: 0.8.0
Check: package dependencies
Result: NOTE
Package suggested but not available for checking: ‘SingleR’
Flavor: r-oldrel-macos-arm64