Last updated on 2024-05-23 01:58:14 CEST.
Flavor | Version | Tinstall | Tcheck | Ttotal | Status | Flags |
---|---|---|---|---|---|---|
r-devel-linux-x86_64-debian-clang | 1.2-3 | 7.31 | 57.02 | 64.33 | OK | |
r-devel-linux-x86_64-debian-gcc | 1.2-3 | 2.85 | 46.61 | 49.46 | OK | |
r-devel-linux-x86_64-fedora-clang | 1.2-3 | 75.92 | NOTE | |||
r-devel-linux-x86_64-fedora-gcc | 1.2-3 | 71.91 | OK | |||
r-devel-windows-x86_64 | 1.2-3 | 6.00 | 75.00 | 81.00 | NOTE | |
r-patched-linux-x86_64 | 1.2-3 | 5.56 | 56.48 | 62.04 | OK | |
r-release-linux-x86_64 | 1.2-3 | 5.58 | 56.48 | 62.06 | OK | |
r-release-macos-arm64 | 1.2-3 | 30.00 | NOTE | |||
r-release-windows-x86_64 | 1.2-3 | 6.00 | 76.00 | 82.00 | NOTE | |
r-oldrel-macos-arm64 | 1.2-3 | 34.00 | NOTE | |||
r-oldrel-macos-x86_64 | 1.2-3 | 44.00 | NOTE | |||
r-oldrel-windows-x86_64 | 1.2-3 | 7.00 | 80.00 | 87.00 | NOTE |
Version: 1.2-3
Check: installed package size
Result: NOTE
installed size is 11.6Mb
sub-directories of 1Mb or more:
data 11.4Mb
Flavors: r-devel-linux-x86_64-fedora-clang, r-devel-windows-x86_64, r-release-macos-arm64, r-release-windows-x86_64, r-oldrel-macos-arm64, r-oldrel-macos-x86_64, r-oldrel-windows-x86_64