Last updated on 2025-10-02 01:49:53 CEST.
Flavor | Version | Tinstall | Tcheck | Ttotal | Status | Flags |
---|---|---|---|---|---|---|
r-devel-linux-x86_64-debian-clang | 0.1.1 | 2.80 | 54.67 | 57.47 | NOTE | |
r-devel-linux-x86_64-debian-gcc | 0.1.1 | 2.05 | 40.96 | 43.01 | NOTE | |
r-devel-linux-x86_64-fedora-clang | 0.1.1 | 91.12 | OK | |||
r-devel-linux-x86_64-fedora-gcc | 0.1.1 | 103.51 | OK | |||
r-devel-windows-x86_64 | 0.1.1 | 4.00 | 78.00 | 82.00 | OK | |
r-patched-linux-x86_64 | 0.1.1 | 2.98 | 51.75 | 54.73 | OK | |
r-release-linux-x86_64 | 0.1.1 | 2.42 | 51.17 | 53.59 | OK | |
r-release-macos-arm64 | 0.1.1 | 39.00 | OK | |||
r-release-macos-x86_64 | 0.1.1 | 69.00 | OK | |||
r-release-windows-x86_64 | 0.1.1 | 4.00 | 76.00 | 80.00 | OK | |
r-oldrel-macos-arm64 | 0.1.1 | 35.00 | NOTE | |||
r-oldrel-macos-x86_64 | 0.1.1 | 51.00 | NOTE | |||
r-oldrel-windows-x86_64 | 0.1.1 | 5.00 | 88.00 | 93.00 | NOTE |
Version: 0.1.1
Check: CRAN incoming feasibility
Result: NOTE
Maintainer: ‘Stefan Konigorski <stefan.konigorski@gmail.com>’
Package CITATION file contains call(s) to old-style personList() or
as.personList(). Please use c() on person objects instead.
Package CITATION file contains call(s) to old-style citEntry(). Please
use bibentry() instead.
Flavors: r-devel-linux-x86_64-debian-clang, r-devel-linux-x86_64-debian-gcc
Version: 0.1.1
Check: LazyData
Result: NOTE
'LazyData' is specified without a 'data' directory
Flavors: r-oldrel-macos-arm64, r-oldrel-macos-x86_64, r-oldrel-windows-x86_64