Last updated on 2024-06-26 01:48:11 CEST.
Flavor | Version | Tinstall | Tcheck | Ttotal | Status | Flags |
---|---|---|---|---|---|---|
r-devel-linux-x86_64-debian-clang | 3.0.1 | NOTE | ||||
r-devel-linux-x86_64-debian-gcc | 3.0.1 | 12.90 | 59.49 | 72.39 | NOTE | |
r-devel-linux-x86_64-fedora-clang | 3.0.1 | 127.61 | NOTE | |||
r-devel-linux-x86_64-fedora-gcc | 3.0.1 | 118.18 | NOTE | |||
r-devel-windows-x86_64 | 3.0.1 | 14.00 | 73.00 | 87.00 | NOTE | |
r-patched-linux-x86_64 | 3.0.1 | 15.48 | 81.07 | 96.55 | NOTE | |
r-release-linux-x86_64 | 3.0.1 | 14.90 | 81.85 | 96.75 | NOTE | |
r-release-macos-arm64 | 3.0.1 | 33.00 | NOTE | |||
r-release-macos-x86_64 | 3.0.1 | 49.00 | NOTE | |||
r-release-windows-x86_64 | 3.0.1 | 14.00 | 75.00 | 89.00 | NOTE | |
r-oldrel-macos-arm64 | 3.0.1 | 36.00 | OK | |||
r-oldrel-macos-x86_64 | 3.0.1 | 58.00 | OK | |||
r-oldrel-windows-x86_64 | 3.0.1 | 19.00 | 86.00 | 105.00 | OK |
Version: 3.0.1
Check: Rd files
Result: NOTE
checkRd: (-1) efron.petrosian.Rd:22: Lost braces
22 | \item{error}{ Numeric value. Maximum pointwise error when estimating the density associated to X (f) in two consecutive steps. If this is missing, it is $1e{-06}$.}
| ^
checkRd: (-1) lynden.Rd:21: Lost braces
21 | \item{error}{ Numeric value. Maximum pointwise error when estimating the density associated to X (f) in two consecutive steps. If this is missing, it is $1e{-06}$.}
| ^
checkRd: (-1) shen.Rd:24: Lost braces
24 | \item{error}{ Numeric value. Maximum pointwise error when estimating the density associated to X (f) in two consecutive steps. If this is missing, it is $1e{-06}$.}
| ^
Flavors: r-devel-linux-x86_64-debian-clang, r-devel-linux-x86_64-debian-gcc, r-devel-linux-x86_64-fedora-clang, r-devel-linux-x86_64-fedora-gcc, r-devel-windows-x86_64, r-patched-linux-x86_64, r-release-linux-x86_64, r-release-macos-arm64, r-release-macos-x86_64, r-release-windows-x86_64