Last updated on 2024-06-27 01:55:16 CEST.
Flavor | Version | Tinstall | Tcheck | Ttotal | Status | Flags |
---|---|---|---|---|---|---|
r-devel-linux-x86_64-debian-clang | 1.3.4 | OK | ||||
r-devel-linux-x86_64-debian-gcc | 1.3.4 | 12.57 | 144.76 | 157.33 | OK | |
r-devel-linux-x86_64-fedora-clang | 1.3.4 | 283.21 | NOTE | |||
r-devel-linux-x86_64-fedora-gcc | 1.3.4 | 285.94 | OK | |||
r-devel-windows-x86_64 | 1.3.4 | 16.00 | 184.00 | 200.00 | NOTE | |
r-patched-linux-x86_64 | 1.3.4 | 18.79 | 192.01 | 210.80 | OK | |
r-release-linux-x86_64 | 1.3.4 | 15.21 | 193.63 | 208.84 | OK | |
r-release-macos-arm64 | 1.3.4 | 75.00 | NOTE | |||
r-release-macos-x86_64 | 1.3.4 | 208.00 | NOTE | |||
r-release-windows-x86_64 | 1.3.4 | 15.00 | 185.00 | 200.00 | NOTE | |
r-oldrel-macos-arm64 | 1.3.4 | 95.00 | NOTE | |||
r-oldrel-macos-x86_64 | 1.3.4 | 196.00 | NOTE | |||
r-oldrel-windows-x86_64 | 1.3.4 | 19.00 | 235.00 | 254.00 | NOTE |
Version: 1.3.4
Check: installed package size
Result: NOTE
installed size is 6.9Mb
sub-directories of 1Mb or more:
data 2.3Mb
doc 3.9Mb
Flavors: r-devel-linux-x86_64-fedora-clang, r-devel-windows-x86_64, r-release-macos-arm64, r-release-macos-x86_64, r-release-windows-x86_64, r-oldrel-macos-arm64, r-oldrel-macos-x86_64, r-oldrel-windows-x86_64