Last updated on 2025-10-06 01:49:44 CEST.
Flavor | Version | Tinstall | Tcheck | Ttotal | Status | Flags |
---|---|---|---|---|---|---|
r-devel-linux-x86_64-debian-clang | 0.1.1 | 17.62 | 164.94 | 182.56 | OK | |
r-devel-linux-x86_64-debian-gcc | 0.1.1 | 13.09 | 109.34 | 122.43 | OK | |
r-devel-linux-x86_64-fedora-clang | 0.1.1 | 299.70 | OK | |||
r-devel-linux-x86_64-fedora-gcc | 0.1.1 | 331.19 | OK | |||
r-devel-windows-x86_64 | 0.1.1 | 24.00 | 191.00 | 215.00 | OK | |
r-patched-linux-x86_64 | 0.1.1 | 17.96 | 161.48 | 179.44 | OK | |
r-release-linux-x86_64 | 0.1.1 | 18.77 | 157.70 | 176.47 | OK | |
r-release-macos-arm64 | 97.00 | FAIL | ||||
r-release-macos-x86_64 | 0.1.1 | 293.00 | OK | |||
r-release-windows-x86_64 | 0.1.1 | 21.00 | 169.00 | 190.00 | OK | |
r-oldrel-macos-arm64 | 0.1.1 | 81.00 | OK | |||
r-oldrel-macos-x86_64 | 0.1.1 | 266.00 | OK | |||
r-oldrel-windows-x86_64 | 0.1.1 | 26.00 | 234.00 | 260.00 | OK |
Version: 0.1.1
Check: re-building of vignette outputs
Result: FAIL
Flavor: r-release-macos-arm64