CRAN Package Check Results for Package IALS

Last updated on 2025-10-02 01:50:00 CEST.

Flavor Version Tinstall Tcheck Ttotal Status Flags
r-devel-linux-x86_64-debian-clang 0.1.3 6.49 56.37 62.86 NOTE
r-devel-linux-x86_64-debian-gcc 0.1.3 4.68 42.59 47.27 NOTE
r-devel-linux-x86_64-fedora-clang 0.1.3 92.94 OK
r-devel-linux-x86_64-fedora-gcc 0.1.3 88.98 OK
r-devel-windows-x86_64 0.1.3 8.00 72.00 80.00 OK
r-patched-linux-x86_64 0.1.3 6.36 54.24 60.60 OK
r-release-linux-x86_64 0.1.3 5.78 53.96 59.74 OK
r-release-macos-arm64 0.1.3 31.00 OK
r-release-macos-x86_64 0.1.3 50.00 OK
r-release-windows-x86_64 0.1.3 7.00 72.00 79.00 OK
r-oldrel-macos-arm64 0.1.3 29.00 OK
r-oldrel-macos-x86_64 0.1.3 51.00 OK
r-oldrel-windows-x86_64 0.1.3 8.00 84.00 92.00 OK

Check Details

Version: 0.1.3
Check: CRAN incoming feasibility
Result: NOTE Maintainer: ‘Ran Zhao <Zhaoran@mail.sdu.edu.cn>’ The Description field contains in He et al. (2023) <arXiv:2301.00360>. Please refer to arXiv e-prints via their arXiv DOI <doi:10.48550/arXiv.YYMM.NNNNN>. Flavors: r-devel-linux-x86_64-debian-clang, r-devel-linux-x86_64-debian-gcc