Last updated on 2024-06-27 01:55:21 CEST.
Flavor | Version | Tinstall | Tcheck | Ttotal | Status | Flags |
---|---|---|---|---|---|---|
r-devel-linux-x86_64-debian-clang | 1.0.1 | OK | ||||
r-devel-linux-x86_64-debian-gcc | 1.0.1 | 167.85 | 24.13 | 191.98 | OK | |
r-devel-linux-x86_64-fedora-clang | 1.0.1 | 547.29 | OK | |||
r-devel-linux-x86_64-fedora-gcc | 1.0.1 | 457.83 | OK | |||
r-devel-windows-x86_64 | 1.0.1 | 427.00 | 66.00 | 493.00 | OK | |
r-patched-linux-x86_64 | 1.0.1 | 220.11 | 30.04 | 250.15 | OK | |
r-release-linux-x86_64 | 1.0.1 | 212.43 | 29.79 | 242.22 | OK | |
r-release-macos-arm64 | 1.0.1 | 79.00 | NOTE | |||
r-release-macos-x86_64 | 1.0.1 | 66.00 | NOTE | |||
r-release-windows-x86_64 | 1.0.1 | 483.00 | 77.00 | 560.00 | OK | |
r-oldrel-macos-arm64 | 1.0.1 | 94.00 | NOTE | |||
r-oldrel-macos-x86_64 | 1.0.1 | 171.00 | NOTE | |||
r-oldrel-windows-x86_64 | 1.0.1 | 476.00 | 83.00 | 559.00 | OK |
Version: 1.0.1
Check: installed package size
Result: NOTE
installed size is 10.1Mb
sub-directories of 1Mb or more:
libs 9.8Mb
Flavors: r-release-macos-arm64, r-release-macos-x86_64, r-oldrel-macos-arm64, r-oldrel-macos-x86_64