Last updated on 2025-10-02 01:50:04 CEST.
Flavor | Version | Tinstall | Tcheck | Ttotal | Status | Flags |
---|---|---|---|---|---|---|
r-devel-linux-x86_64-debian-clang | 0.2.1 | 23.53 | 314.62 | 338.15 | NOTE | |
r-devel-linux-x86_64-debian-gcc | 0.2.1 | 15.25 | 218.13 | 233.38 | NOTE | |
r-devel-linux-x86_64-fedora-clang | 0.2.1 | 521.03 | OK | |||
r-devel-linux-x86_64-fedora-gcc | 0.2.1 | 521.97 | OK | |||
r-devel-windows-x86_64 | 0.2.1 | 27.00 | 275.00 | 302.00 | NOTE | |
r-patched-linux-x86_64 | 0.2.1 | 23.25 | 297.77 | 321.02 | NOTE | |
r-release-linux-x86_64 | 0.2.1 | 20.94 | 299.04 | 319.98 | NOTE | |
r-release-macos-arm64 | 0.2.1 | 200.00 | OK | |||
r-release-macos-x86_64 | 0.2.1 | 264.00 | OK | |||
r-release-windows-x86_64 | 0.2.1 | 26.00 | 274.00 | 300.00 | NOTE | |
r-oldrel-macos-arm64 | 0.2.1 | 144.00 | NOTE | |||
r-oldrel-macos-x86_64 | 0.2.1 | 203.00 | NOTE | |||
r-oldrel-windows-x86_64 | 0.2.1 | 35.00 | 364.00 | 399.00 | NOTE |
Version: 0.2.1
Check: Rd cross-references
Result: NOTE
Found the following Rd file(s) with Rd \link{} targets missing package
anchors:
plotIncMatrix.Rd: scale_fill_distiller
Please provide package anchors for all Rd \link{} targets not in the
package itself and the base packages.
Flavors: r-devel-linux-x86_64-debian-clang, r-devel-linux-x86_64-debian-gcc, r-devel-windows-x86_64, r-patched-linux-x86_64, r-release-linux-x86_64, r-release-windows-x86_64
Version: 0.2.1
Check: installed package size
Result: NOTE
installed size is 5.2Mb
sub-directories of 1Mb or more:
doc 4.0Mb
Flavors: r-oldrel-macos-arm64, r-oldrel-macos-x86_64, r-oldrel-windows-x86_64