Last updated on 2025-10-02 01:50:09 CEST.
Flavor | Version | Tinstall | Tcheck | Ttotal | Status | Flags |
---|---|---|---|---|---|---|
r-devel-linux-x86_64-debian-clang | 0.1.5 | 13.11 | 131.51 | 144.62 | ERROR | |
r-devel-linux-x86_64-debian-gcc | 0.1.5 | 11.50 | 99.49 | 110.99 | OK | |
r-devel-linux-x86_64-fedora-clang | 0.1.5 | 230.03 | OK | |||
r-devel-linux-x86_64-fedora-gcc | 0.1.5 | 229.16 | OK | |||
r-devel-windows-x86_64 | 0.1.5 | 16.00 | 146.00 | 162.00 | OK | |
r-patched-linux-x86_64 | 0.1.5 | 12.78 | 121.03 | 133.81 | OK | |
r-release-linux-x86_64 | 0.1.5 | 11.05 | 120.43 | 131.48 | OK | |
r-release-macos-arm64 | 0.1.5 | 163.00 | OK | |||
r-release-macos-x86_64 | 0.1.5 | 230.00 | OK | |||
r-release-windows-x86_64 | 0.1.5 | 14.00 | 212.00 | 226.00 | OK | |
r-oldrel-macos-arm64 | 0.1.5 | 178.00 | OK | |||
r-oldrel-macos-x86_64 | 0.1.5 | 227.00 | OK | |||
r-oldrel-windows-x86_64 | 0.1.5 | 20.00 | 181.00 | 201.00 | ERROR |
Version: 0.1.5
Check: tests
Result: ERROR
Running ‘testthat.R’ [23s/49s]
Running the tests in ‘tests/testthat.R’ failed.
Complete output:
> # This file is part of the standard setup for testthat.
> # It is recommended that you do not modify it.
> #
> # Where should you do additional test configuration?
> # Learn more about the roles of various files in:
> # * https://r-pkgs.org/testing-design.html#sec-tests-files-overview
> # * https://testthat.r-lib.org/articles/special-files.html
>
> library(testthat)
> library(RcensusPkg)
>
> test_check("RcensusPkg")
[ FAIL 1 | WARN 0 | SKIP 28 | PASS 134 ]
══ Skipped tests (28) ══════════════════════════════════════════════════════════
• Census Bureau API key required (10): 'test-get_idb_data.R:11:3',
'test-get_idb_data.R:22:3', 'test-get_multi_vintage_data.R:13:3',
'test-get_vintage_data.R:11:3', 'test-get_vintage_data.R:26:3',
'test-join_it.R:12:3', 'test-long_to_wide.R:9:3', 'test-plot_us_data.R:18:3',
'test-plot_us_data.R:36:3', 'test-wide_to_long.R:9:3'
• Census Bureau request takes well over 10 seconds in most cases. (1):
'test-get_dataset_names.R:8:3'
• On CRAN (17): 'test-get_category_strings.R:6:3',
'test-get_category_strings.R:10:3', 'test-get_geography.R:8:3',
'test-get_variable_names.R:8:3', 'test-get_variable_names.R:19:3',
'test-tiger_block_groups_sf.R:13:3', 'test-tiger_cbsa_sf.R:12:3',
'test-tiger_counties_sf.R:13:3', 'test-tiger_county_subsection_sf.R:13:3',
'test-tiger_landmarks_sf.R:13:3', 'test-tiger_places_sf.R:13:3',
'test-tiger_roads_sf.R:13:3', 'test-tiger_states_sf.R:13:3',
'test-tiger_tracts_sf.R:13:3', 'test-tiger_urban_area_sf.R:12:3',
'test-tiger_water_sf.R:13:3', 'test-tiger_zctas_sf.R:12:3'
══ Failed tests ════════════════════════════════════════════════════════════════
── Error ('test-get_groups.R:8:3'): get_groups() ───────────────────────────────
Error in `value[[3L]](cond)`: Error downloading raw json text: HTTP 503 Service Unavailable.
Backtrace:
▆
1. └─testthat::expect_snapshot(...) at test-get_groups.R:8:3
2. └─rlang::cnd_signal(state$error)
[ FAIL 1 | WARN 0 | SKIP 28 | PASS 134 ]
Error: Test failures
Execution halted
Flavor: r-devel-linux-x86_64-debian-clang
Version: 0.1.5
Check: tests
Result: ERROR
Running 'testthat.R' [47s]
Running the tests in 'tests/testthat.R' failed.
Complete output:
> # This file is part of the standard setup for testthat.
> # It is recommended that you do not modify it.
> #
> # Where should you do additional test configuration?
> # Learn more about the roles of various files in:
> # * https://r-pkgs.org/testing-design.html#sec-tests-files-overview
> # * https://testthat.r-lib.org/articles/special-files.html
>
> library(testthat)
> library(RcensusPkg)
>
> test_check("RcensusPkg")
[ FAIL 2 | WARN 0 | SKIP 27 | PASS 134 ]
══ Skipped tests (27) ══════════════════════════════════════════════════════════
• Census Bureau API key required (10): 'test-get_idb_data.R:11:3',
'test-get_idb_data.R:22:3', 'test-get_multi_vintage_data.R:13:3',
'test-get_vintage_data.R:11:3', 'test-get_vintage_data.R:26:3',
'test-join_it.R:12:3', 'test-long_to_wide.R:9:3', 'test-plot_us_data.R:18:3',
'test-plot_us_data.R:36:3', 'test-wide_to_long.R:9:3'
• Census Bureau request takes well over 10 seconds in most cases. (1):
'test-get_dataset_names.R:8:3'
• On CRAN (16): 'test-get_category_strings.R:6:3',
'test-get_category_strings.R:10:3', 'test-get_geography.R:8:3',
'test-get_variable_names.R:8:3', 'test-tiger_block_groups_sf.R:13:3',
'test-tiger_cbsa_sf.R:12:3', 'test-tiger_counties_sf.R:13:3',
'test-tiger_county_subsection_sf.R:13:3', 'test-tiger_landmarks_sf.R:13:3',
'test-tiger_places_sf.R:13:3', 'test-tiger_roads_sf.R:13:3',
'test-tiger_states_sf.R:13:3', 'test-tiger_tracts_sf.R:13:3',
'test-tiger_urban_area_sf.R:12:3', 'test-tiger_water_sf.R:13:3',
'test-tiger_zctas_sf.R:12:3'
══ Failed tests ════════════════════════════════════════════════════════════════
── Error ('test-get_groups.R:8:3'): get_groups() ───────────────────────────────
Error in `value[[3L]](cond)`: Error downloading raw json text: HTTP 503 Service Unavailable.
Backtrace:
▆
1. └─testthat::expect_snapshot(...) at test-get_groups.R:8:3
2. └─rlang::cnd_signal(state$error)
── Error ('test-get_variable_names.R:19:3'): get_variable_names() category ─────
Error: object 'variables_dt' not found
Backtrace:
▆
1. └─testthat::expect_snapshot(...) at test-get_variable_names.R:19:3
2. └─rlang::cnd_signal(state$error)
[ FAIL 2 | WARN 0 | SKIP 27 | PASS 134 ]
Error: Test failures
Execution halted
Flavor: r-oldrel-windows-x86_64