Last updated on 2025-10-02 01:50:11 CEST.
Flavor | Version | Tinstall | Tcheck | Ttotal | Status | Flags |
---|---|---|---|---|---|---|
r-devel-linux-x86_64-debian-clang | 3.1.1 | 8.33 | 283.37 | 291.70 | OK | |
r-devel-linux-x86_64-debian-gcc | 3.1.1 | 6.38 | 208.98 | 215.36 | OK | |
r-devel-linux-x86_64-fedora-clang | 3.1.1 | 456.95 | NOTE | |||
r-devel-linux-x86_64-fedora-gcc | 3.1.1 | 467.57 | NOTE | |||
r-devel-windows-x86_64 | 3.1.1 | 11.00 | 209.00 | 220.00 | OK | |
r-patched-linux-x86_64 | 3.1.1 | 8.66 | 280.86 | 289.52 | OK | |
r-release-linux-x86_64 | 3.1.1 | 9.00 | 279.59 | 288.59 | OK | |
r-release-macos-arm64 | 3.1.1 | 121.00 | OK | |||
r-release-macos-x86_64 | 3.1.1 | 224.00 | OK | |||
r-release-windows-x86_64 | 3.1.1 | 12.00 | 210.00 | 222.00 | OK | |
r-oldrel-macos-arm64 | 3.1.1 | 114.00 | OK | |||
r-oldrel-macos-x86_64 | 3.1.1 | 230.00 | OK | |||
r-oldrel-windows-x86_64 | 3.1.1 | 14.00 | 863.00 | 877.00 | OK |
Version: 3.1.1
Check: dependencies in R code
Result: NOTE
Namespaces in Imports field not imported from:
‘ROCit’ ‘corrplot’ ‘kableExtra’ ‘purrr’ ‘reshape2’
All declared Imports should be used.
Flavors: r-devel-linux-x86_64-fedora-clang, r-devel-linux-x86_64-fedora-gcc