Last updated on 2024-06-26 01:48:26 CEST.
Flavor | Version | Tinstall | Tcheck | Ttotal | Status | Flags |
---|---|---|---|---|---|---|
r-devel-linux-x86_64-debian-clang | 2.32.9 | NOTE | ||||
r-devel-linux-x86_64-debian-gcc | 2.32.9 | 31.87 | 490.85 | 522.72 | NOTE | |
r-devel-linux-x86_64-fedora-clang | 2.32.9 | 840.86 | NOTE | |||
r-devel-linux-x86_64-fedora-gcc | 2.32.9 | 1043.35 | NOTE | |||
r-devel-windows-x86_64 | 2.32.9 | 65.00 | 669.00 | 734.00 | NOTE | |
r-patched-linux-x86_64 | 2.32.9 | 41.15 | 682.69 | 723.84 | NOTE | |
r-release-linux-x86_64 | 2.32.9 | 43.77 | 682.13 | 725.90 | NOTE | |
r-release-macos-arm64 | 2.32.9 | 176.00 | NOTE | |||
r-release-macos-x86_64 | 2.32.9 | 498.00 | NOTE | |||
r-release-windows-x86_64 | 2.32.9 | 66.00 | 592.00 | 658.00 | NOTE | |
r-oldrel-macos-arm64 | 2.32.9 | 180.00 | NOTE | |||
r-oldrel-macos-x86_64 | 2.32.9 | 549.00 | NOTE | |||
r-oldrel-windows-x86_64 | 2.32.9 | 73.00 | 793.00 | 866.00 | NOTE |
Version: 2.32.9
Check: for GNU extensions in Makefiles
Result: NOTE
GNU make is a SystemRequirements.
Flavors: r-devel-linux-x86_64-debian-clang, r-devel-linux-x86_64-debian-gcc, r-devel-linux-x86_64-fedora-clang, r-devel-linux-x86_64-fedora-gcc, r-devel-windows-x86_64, r-patched-linux-x86_64, r-release-linux-x86_64, r-release-macos-arm64, r-release-macos-x86_64, r-release-windows-x86_64, r-oldrel-macos-arm64, r-oldrel-macos-x86_64, r-oldrel-windows-x86_64
Version: 2.32.9
Check: installed package size
Result: NOTE
installed size is 15.4Mb
sub-directories of 1Mb or more:
include 12.0Mb
lib 1.4Mb
Flavors: r-devel-linux-x86_64-fedora-clang, r-devel-windows-x86_64, r-release-macos-arm64, r-release-macos-x86_64, r-release-windows-x86_64, r-oldrel-macos-arm64, r-oldrel-macos-x86_64, r-oldrel-windows-x86_64