CRAN Package Check Results for Package VFS

Last updated on 2025-10-05 01:48:46 CEST.

Flavor Version Tinstall Tcheck Ttotal Status Flags
r-devel-linux-x86_64-debian-clang 1.0.2 3.14 39.07 42.21 NOTE
r-devel-linux-x86_64-debian-gcc 1.0.2 1.96 30.66 32.62 NOTE
r-devel-linux-x86_64-fedora-clang 1.0.2 64.23 OK
r-devel-linux-x86_64-fedora-gcc 1.0.2 75.21 OK
r-devel-windows-x86_64 1.0.2 4.00 67.00 71.00 OK
r-patched-linux-x86_64 1.0.2 2.99 37.18 40.17 OK
r-release-linux-x86_64 1.0.2 2.99 36.87 39.86 OK
r-release-macos-arm64 1.0.2 37.00 OK
r-release-macos-x86_64 1.0.2 64.00 OK
r-release-windows-x86_64 1.0.2 4.00 67.00 71.00 OK
r-oldrel-macos-arm64 1.0.2 29.00 OK
r-oldrel-macos-x86_64 1.0.2 56.00 OK
r-oldrel-windows-x86_64 1.0.2 5.00 80.00 85.00 OK

Check Details

Version: 1.0.2
Check: CRAN incoming feasibility
Result: NOTE Maintainer: ‘Sarah Goslee <Sarah.Goslee@ars.usda.gov>’ Package CITATION file contains call(s) to old-style personList() or as.personList(). Please use c() on person objects instead. Package CITATION file contains call(s) to old-style citEntry(). Please use bibentry() instead. Flavors: r-devel-linux-x86_64-debian-clang, r-devel-linux-x86_64-debian-gcc